CRAN Package Check Results for Package paropt

Last updated on 2021-12-04 15:51:23 CET.

Flavor Version Tinstall Tcheck Ttotal Status Flags
r-devel-linux-x86_64-debian-clang 0.2.1 211.32 40.67 251.99 OK
r-devel-linux-x86_64-debian-gcc 0.2.1 160.05 32.35 192.40 OK
r-devel-linux-x86_64-fedora-clang 0.2.1 420.41 NOTE
r-devel-linux-x86_64-fedora-gcc 0.2.1 365.71 OK
r-devel-windows-x86_64-new-UL 0.2.1 312.00 108.00 420.00 OK
r-devel-windows-x86_64-new-TK 0.2.1 OK
r-devel-windows-x86_64-old 0.2.1 293.00 51.00 344.00 OK
r-patched-linux-x86_64 0.2.1 194.00 31.36 225.36 OK
r-release-linux-x86_64 0.2.1 197.68 31.07 228.75 OK
r-release-macos-arm64 0.2.1 NOTE
r-release-macos-x86_64 0.2.1 NOTE
r-release-windows-ix86+x86_64 0.2.1 582.00 81.00 663.00 NOTE
r-oldrel-macos-x86_64 0.2.1 NOTE
r-oldrel-windows-ix86+x86_64 0.2.1 571.00 82.00 653.00 NOTE

Check Details

Version: 0.2.1
Check: installed package size
Result: NOTE
     installed size is 11.5Mb
     sub-directories of 1Mb or more:
     libs 7.2Mb
Flavors: r-devel-linux-x86_64-fedora-clang, r-release-macos-arm64, r-release-macos-x86_64, r-release-windows-ix86+x86_64, r-oldrel-macos-x86_64, r-oldrel-windows-ix86+x86_64