CRAN Package Check Results for Package parmsurvfit

Last updated on 2021-04-14 19:47:15 CEST.

Flavor Version Tinstall Tcheck Ttotal Status Flags
r-devel-linux-x86_64-debian-clang 0.1.0 8.76 98.72 107.48 OK
r-devel-linux-x86_64-debian-gcc 0.1.0 7.33 73.81 81.14 OK
r-devel-linux-x86_64-fedora-clang 0.1.0 135.27 NOTE
r-devel-linux-x86_64-fedora-gcc 0.1.0 133.99 NOTE
r-devel-windows-ix86+x86_64 0.1.0 24.00 100.00 124.00 OK
r-devel-windows-x86_64-gcc10-UCRT 0.1.0 NOTE
r-patched-linux-x86_64 0.1.0 9.55 89.24 98.79 OK
r-patched-solaris-x86 0.1.0 181.40 NOTE
r-release-linux-x86_64 0.1.0 9.98 90.83 100.81 OK
r-release-macos-x86_64 0.1.0 NOTE
r-release-windows-ix86+x86_64 0.1.0 25.00 126.00 151.00 OK
r-oldrel-macos-x86_64 0.1.0 NOTE
r-oldrel-windows-ix86+x86_64 0.1.0 13.00 84.00 97.00 OK

Check Details

Version: 0.1.0
Check: dependencies in R code
Result: NOTE
    Namespace in Imports field not imported from: ‘flexsurv’
     All declared Imports should be used.
Flavors: r-devel-linux-x86_64-fedora-clang, r-devel-linux-x86_64-fedora-gcc, r-devel-windows-x86_64-gcc10-UCRT, r-patched-solaris-x86, r-release-macos-x86_64, r-oldrel-macos-x86_64