Last updated on 2021-01-20 03:48:16 CET.
Flavor | Version | Tinstall | Tcheck | Ttotal | Status | Flags |
---|---|---|---|---|---|---|
r-devel-linux-x86_64-debian-clang | 1.5-3 | 17.37 | 86.26 | 103.63 | OK | |
r-devel-linux-x86_64-debian-gcc | 1.5-3 | 14.77 | 65.20 | 79.97 | OK | |
r-devel-linux-x86_64-fedora-clang | 1.5-3 | 135.09 | NOTE | |||
r-devel-linux-x86_64-fedora-gcc | 1.5-3 | 127.38 | NOTE | |||
r-devel-windows-ix86+x86_64 | 1.5-3 | 25.00 | 96.00 | 121.00 | OK | |
r-patched-linux-x86_64 | 1.5-3 | 16.45 | 79.39 | 95.84 | OK | |
r-patched-solaris-x86 | 1.5-3 | 145.60 | NOTE | |||
r-release-linux-x86_64 | 1.5-3 | 20.77 | 80.30 | 101.07 | OK | |
r-release-macos-x86_64 | 1.5-3 | NOTE | ||||
r-release-windows-ix86+x86_64 | 1.5-3 | 25.00 | 92.00 | 117.00 | OK | |
r-oldrel-macos-x86_64 | 1.5-3 | NOTE | ||||
r-oldrel-windows-ix86+x86_64 | 1.5-3 | 25.00 | 79.00 | 104.00 | OK |
Version: 1.5-3
Check: compiled code
Result: NOTE
File ‘parma/libs/parma.so’:
Found no calls to: ‘R_registerRoutines’, ‘R_useDynamicSymbols’
It is good practice to register native routines and to disable symbol
search.
See ‘Writing portable packages’ in the ‘Writing R Extensions’ manual.
Flavors: r-devel-linux-x86_64-fedora-clang, r-devel-linux-x86_64-fedora-gcc
Version: 1.5-3
Check: package dependencies
Result: NOTE
Package suggested but not available for checking: ‘Rsymphony’
Flavors: r-patched-solaris-x86, r-release-macos-x86_64, r-oldrel-macos-x86_64