CRAN Package Check Results for Package parcats

Last updated on 2021-03-07 11:51:27 CET.

Flavor Version Tinstall Tcheck Ttotal Status Flags
r-devel-linux-x86_64-debian-clang 0.0.2 13.77 143.16 156.93 OK
r-devel-linux-x86_64-debian-gcc 0.0.2 10.10 106.56 116.66 OK
r-devel-linux-x86_64-fedora-clang 0.0.2 189.62 NOTE
r-devel-linux-x86_64-fedora-gcc 0.0.2 176.69 NOTE
r-devel-windows-ix86+x86_64 0.0.2 32.00 140.00 172.00 OK
r-devel-windows-x86_64-gcc10-UCRT 0.0.2 NOTE
r-patched-linux-x86_64 0.0.2 12.07 132.87 144.94 OK
r-patched-solaris-x86 0.0.2 263.30 NOTE
r-release-linux-x86_64 0.0.2 12.25 134.48 146.73 OK
r-release-macos-x86_64 0.0.2 NOTE
r-release-windows-ix86+x86_64 0.0.2 23.00 123.00 146.00 OK
r-oldrel-macos-x86_64 0.0.2 NOTE
r-oldrel-windows-ix86+x86_64 0.0.2 19.00 112.00 131.00 OK

Check Details

Version: 0.0.2
Check: dependencies in R code
Result: NOTE
    Namespaces in Imports field not imported from:
     ‘magrittr’ ‘tibble’
     All declared Imports should be used.
Flavors: r-devel-linux-x86_64-fedora-clang, r-devel-linux-x86_64-fedora-gcc, r-devel-windows-x86_64-gcc10-UCRT, r-patched-solaris-x86, r-release-macos-x86_64, r-oldrel-macos-x86_64