CRAN Package Check Results for Package parSim

Last updated on 2021-02-24 19:48:14 CET.

Flavor Version Tinstall Tcheck Ttotal Status Flags
r-devel-linux-x86_64-debian-clang 0.1.4 3.79 44.45 48.24 OK
r-devel-linux-x86_64-debian-gcc 0.1.4 2.82 33.43 36.25 OK
r-devel-linux-x86_64-fedora-clang 0.1.4 66.93 NOTE
r-devel-linux-x86_64-fedora-gcc 0.1.4 52.70 NOTE
r-devel-windows-ix86+x86_64 0.1.4 7.00 43.00 50.00 OK
r-patched-linux-x86_64 0.1.4 3.82 41.68 45.50 OK
r-patched-solaris-x86 0.1.4 75.30 NOTE
r-release-linux-x86_64 0.1.4 3.62 40.26 43.88 OK
r-release-macos-x86_64 0.1.4 NOTE
r-release-windows-ix86+x86_64 0.1.4 23.00 57.00 80.00 OK
r-oldrel-macos-x86_64 0.1.4 NOTE
r-oldrel-windows-ix86+x86_64 0.1.4 6.00 68.00 74.00 OK

Check Details

Version: 0.1.4
Check: dependencies in R code
Result: NOTE
    Namespace in Imports field not imported from: ‘parallel’
     All declared Imports should be used.
Flavors: r-devel-linux-x86_64-fedora-clang, r-devel-linux-x86_64-fedora-gcc, r-patched-solaris-x86, r-release-macos-x86_64, r-oldrel-macos-x86_64