CRAN Package Check Results for Package pangaear

Last updated on 2021-06-22 15:51:56 CEST.

Flavor Version Tinstall Tcheck Ttotal Status Flags
r-devel-linux-x86_64-debian-clang 1.1.0 4.97 52.61 57.58 OK
r-devel-linux-x86_64-debian-gcc 1.1.0 3.63 40.03 43.66 OK
r-devel-linux-x86_64-fedora-clang 1.1.0 77.79 OK
r-devel-linux-x86_64-fedora-gcc 1.1.0 66.81 OK
r-devel-windows-x86_64 1.1.0 8.00 71.00 79.00 OK
r-devel-windows-x86_64-gcc10-UCRT 1.1.0 ERROR
r-patched-linux-x86_64 1.1.0 5.30 51.06 56.36 OK
r-patched-solaris-x86 1.1.0 104.20 OK
r-release-linux-x86_64 1.1.0 4.43 50.60 55.03 OK
r-release-macos-arm64 1.1.0 OK
r-release-macos-x86_64 1.1.0 OK
r-release-windows-ix86+x86_64 1.1.0 9.00 56.00 65.00 OK
r-oldrel-macos-x86_64 1.1.0 OK

Check Details

Version: 1.1.0
Check: package dependencies
Result: ERROR
    Packages required but not available: 'crul', 'oai'
    
    Package suggested but not available for checking: 'vcr'
    
    See section 'The DESCRIPTION file' in the 'Writing R Extensions'
    manual.
Flavor: r-devel-windows-x86_64-gcc10-UCRT