CRAN Package Check Results for Package panelvar

Last updated on 2021-12-09 07:50:19 CET.

Flavor Version Tinstall Tcheck Ttotal Status Flags
r-devel-linux-x86_64-debian-clang 0.5.3 14.41 119.30 133.71 OK
r-devel-linux-x86_64-debian-gcc 0.5.3 11.98 88.80 100.78 OK
r-devel-linux-x86_64-fedora-clang 0.5.3 164.02 NOTE
r-devel-linux-x86_64-fedora-gcc 0.5.3 146.66 NOTE
r-devel-windows-x86_64-new-UL 0.5.3 29.00 149.00 178.00 OK
r-devel-windows-x86_64-new-TK 0.5.3 NOTE
r-devel-windows-x86_64-old 0.5.3 24.00 99.00 123.00 OK
r-patched-linux-x86_64 0.5.3 13.81 111.86 125.67 OK
r-release-linux-x86_64 0.5.3 14.52 114.21 128.73 OK
r-release-macos-arm64 0.5.3 NOTE
r-release-macos-x86_64 0.5.3 NOTE
r-release-windows-ix86+x86_64 0.5.3 23.00 136.00 159.00 OK
r-oldrel-macos-x86_64 0.5.3 NOTE
r-oldrel-windows-ix86+x86_64 0.5.3 31.00 129.00 160.00 OK

Check Details

Version: 0.5.3
Check: dependencies in R code
Result: NOTE
    Namespace in Imports field not imported from: ‘methods’
     All declared Imports should be used.
Flavors: r-devel-linux-x86_64-fedora-clang, r-devel-linux-x86_64-fedora-gcc, r-devel-windows-x86_64-new-TK, r-release-macos-arm64, r-release-macos-x86_64, r-oldrel-macos-x86_64