CRAN Package Check Results for Package panelr

Last updated on 2021-04-14 19:47:15 CEST.

Flavor Version Tinstall Tcheck Ttotal Status Flags
r-devel-linux-x86_64-debian-clang 0.7.5 19.49 381.69 401.18 OK
r-devel-linux-x86_64-debian-gcc 0.7.5 14.14 273.97 288.11 OK
r-devel-linux-x86_64-fedora-clang 0.7.5 456.18 NOTE
r-devel-linux-x86_64-fedora-gcc 0.7.5 485.49 OK
r-devel-windows-ix86+x86_64 0.7.5 36.00 354.00 390.00 OK
r-devel-windows-x86_64-gcc10-UCRT 0.7.5 OK
r-patched-linux-x86_64 0.7.5 16.36 364.10 380.46 OK
r-patched-solaris-x86 0.7.5 588.50 OK
r-release-linux-x86_64 0.7.5 18.00 365.05 383.05 OK
r-release-macos-x86_64 0.7.5 OK
r-release-windows-ix86+x86_64 0.7.5 40.00 454.00 494.00 OK
r-oldrel-macos-x86_64 0.7.5 OK
r-oldrel-windows-ix86+x86_64 0.7.5 21.00 293.00 314.00 OK

Check Details

Version: 0.7.5
Check: Rd cross-references
Result: NOTE
    Undeclared package ‘AER’ in Rd xrefs
Flavor: r-devel-linux-x86_64-fedora-clang