CRAN Package Check Results for Package paleomorph

Last updated on 2021-06-17 15:49:15 CEST.

Flavor Version Tinstall Tcheck Ttotal Status Flags
r-devel-linux-x86_64-debian-clang 0.1.4 2.93 42.02 44.95 NOTE
r-devel-linux-x86_64-debian-gcc 0.1.4 1.97 31.14 33.11 NOTE
r-devel-linux-x86_64-fedora-clang 0.1.4 60.54 NOTE
r-devel-linux-x86_64-fedora-gcc 0.1.4 51.14 NOTE
r-devel-windows-x86_64 0.1.4 5.00 45.00 50.00 NOTE
r-devel-windows-x86_64-gcc10-UCRT 0.1.4 NOTE
r-patched-linux-x86_64 0.1.4 2.72 39.86 42.58 NOTE
r-patched-solaris-x86 0.1.4 73.80 NOTE
r-release-linux-x86_64 0.1.4 2.68 39.93 42.61 NOTE
r-release-macos-arm64 0.1.4 NOTE
r-release-macos-x86_64 0.1.4 NOTE
r-release-windows-ix86+x86_64 0.1.4 5.00 56.00 61.00 NOTE
r-oldrel-macos-x86_64 0.1.4 OK
r-oldrel-windows-ix86+x86_64 0.1.4 4.00 57.00 61.00 OK

Check Details

Version: 0.1.4
Check: LazyData
Result: NOTE
     'LazyData' is specified without a 'data' directory
Flavors: r-devel-linux-x86_64-debian-clang, r-devel-linux-x86_64-debian-gcc, r-devel-linux-x86_64-fedora-clang, r-devel-linux-x86_64-fedora-gcc, r-devel-windows-x86_64, r-devel-windows-x86_64-gcc10-UCRT, r-patched-linux-x86_64, r-patched-solaris-x86, r-release-linux-x86_64, r-release-macos-arm64, r-release-macos-x86_64, r-release-windows-ix86+x86_64