CRAN Package Check Results for Package paleobioDB

Last updated on 2021-06-13 11:49:14 CEST.

Flavor Version Tinstall Tcheck Ttotal Status Flags
r-devel-linux-x86_64-debian-clang 0.7.0 10.15 87.72 97.87 NOTE
r-devel-linux-x86_64-debian-gcc 0.7.0 9.05 66.95 76.00 NOTE
r-devel-linux-x86_64-fedora-clang 0.7.0 129.31 NOTE
r-devel-linux-x86_64-fedora-gcc 0.7.0 115.65 NOTE
r-devel-windows-x86_64 0.7.0 16.00 109.00 125.00 NOTE
r-devel-windows-x86_64-gcc10-UCRT 0.7.0 NOTE
r-patched-linux-x86_64 0.7.0 12.61 84.50 97.11 NOTE
r-patched-solaris-x86 0.7.0 162.90 NOTE
r-release-linux-x86_64 0.7.0 8.86 83.81 92.67 NOTE
r-release-macos-arm64 0.7.0 NOTE
r-release-macos-x86_64 0.7.0 NOTE
r-release-windows-ix86+x86_64 0.7.0 16.00 112.00 128.00 NOTE
r-oldrel-macos-x86_64 0.7.0 OK
r-oldrel-windows-ix86+x86_64 0.7.0 16.00 112.00 128.00 OK

Check Details

Version: 0.7.0
Check: LazyData
Result: NOTE
     'LazyData' is specified without a 'data' directory
Flavors: r-devel-linux-x86_64-debian-clang, r-devel-linux-x86_64-debian-gcc, r-devel-linux-x86_64-fedora-clang, r-devel-linux-x86_64-fedora-gcc, r-devel-windows-x86_64, r-devel-windows-x86_64-gcc10-UCRT, r-patched-linux-x86_64, r-patched-solaris-x86, r-release-linux-x86_64, r-release-macos-arm64, r-release-macos-x86_64, r-release-windows-ix86+x86_64