CRAN Package Check Results for Package pagoo

Last updated on 2021-05-06 11:50:32 CEST.

Flavor Version Tinstall Tcheck Ttotal Status Flags
r-devel-linux-x86_64-debian-clang 0.3.8 32.77 360.21 392.98 NOTE
r-devel-linux-x86_64-debian-gcc 0.3.8 25.88 264.27 290.15 NOTE
r-devel-linux-x86_64-fedora-clang 0.3.8 483.39 NOTE
r-devel-linux-x86_64-fedora-gcc 0.3.8 535.45 NOTE
r-devel-windows-ix86+x86_64 0.3.8 73.00 380.00 453.00 NOTE
r-devel-windows-x86_64-gcc10-UCRT 0.3.8 NOTE
r-patched-linux-x86_64 0.3.8 30.18 341.07 371.25 NOTE
r-patched-solaris-x86 0.3.8 636.20 NOTE
r-release-linux-x86_64 0.3.8 28.13 330.40 358.53 OK
r-release-macos-x86_64 0.3.8 NOTE
r-release-windows-ix86+x86_64 0.3.8 51.00 293.00 344.00 OK
r-oldrel-macos-x86_64 0.3.8 ERROR
r-oldrel-windows-ix86+x86_64 0.3.8 59.00 367.00 426.00 OK

Check Details

Version: 0.3.8
Check: LazyData
Result: NOTE
     'LazyData' is specified without a 'data' directory
Flavors: r-devel-linux-x86_64-debian-clang, r-devel-linux-x86_64-debian-gcc, r-devel-linux-x86_64-fedora-clang, r-devel-linux-x86_64-fedora-gcc, r-devel-windows-ix86+x86_64, r-devel-windows-x86_64-gcc10-UCRT, r-patched-linux-x86_64

Version: 0.3.8
Check: Rd cross-references
Result: NOTE
    Undeclared package ‘IRanges’ in Rd xrefs
Flavor: r-devel-linux-x86_64-fedora-clang

Version: 0.3.8
Check: installed package size
Result: NOTE
     installed size is 5.2Mb
     sub-directories of 1Mb or more:
     extdata 4.1Mb
Flavor: r-patched-solaris-x86

Version: 0.3.8
Check: package dependencies
Result: NOTE
    Package suggested but not available for checking: ‘DECIPHER’
Flavors: r-release-macos-x86_64, r-oldrel-macos-x86_64

Version: 0.3.8
Check: whether package can be installed
Result: ERROR
    Installation failed.
Flavor: r-oldrel-macos-x86_64