Last updated on 2021-03-02 15:48:08 CET.
Flavor | Version | Tinstall | Tcheck | Ttotal | Status | Flags |
---|---|---|---|---|---|---|
r-devel-linux-x86_64-debian-clang | 0.5.3 | OK | ||||
r-devel-linux-x86_64-debian-gcc | 0.5.3 | 26.91 | 56.28 | 83.19 | OK | |
r-devel-linux-x86_64-fedora-clang | 0.5.3 | 160.30 | OK | |||
r-devel-linux-x86_64-fedora-gcc | 0.5.3 | 136.76 | OK | |||
r-devel-windows-ix86+x86_64 | 0.5.3 | 74.00 | 111.00 | 185.00 | NOTE | |
r-patched-linux-x86_64 | 0.5.3 | 31.90 | 70.02 | 101.92 | OK | |
r-patched-solaris-x86 | 0.5.3 | 162.00 | OK | |||
r-release-linux-x86_64 | 0.5.3 | 30.03 | 70.06 | 100.09 | OK | |
r-release-macos-x86_64 | 0.5.3 | OK | ||||
r-release-windows-ix86+x86_64 | 0.5.3 | 94.00 | 138.00 | 232.00 | NOTE | |
r-oldrel-macos-x86_64 | 0.5.3 | OK | ||||
r-oldrel-windows-ix86+x86_64 | 0.5.3 | 67.00 | 163.00 | 230.00 | OK |
Version: 0.5.3
Check: installed package size
Result: NOTE
installed size is 5.2Mb
sub-directories of 1Mb or more:
data 1.7Mb
doc 1.3Mb
libs 2.0Mb
Flavors: r-devel-windows-ix86+x86_64, r-release-windows-ix86+x86_64