CRAN Package Check Results for Package packcircles

Last updated on 2021-06-15 11:50:17 CEST.

Flavor Version Tinstall Tcheck Ttotal Status Flags
r-devel-linux-x86_64-debian-clang 0.3.4 47.71 44.78 92.49 OK
r-devel-linux-x86_64-debian-gcc 0.3.4 30.90 34.93 65.83 OK
r-devel-linux-x86_64-fedora-clang 0.3.4 134.93 OK
r-devel-linux-x86_64-fedora-gcc 0.3.4 115.13 OK
r-devel-windows-x86_64 0.3.4 57.00 74.00 131.00 OK
r-devel-windows-x86_64-gcc10-UCRT 0.3.4 NOTE
r-patched-linux-x86_64 0.3.4 35.83 43.10 78.93 OK
r-patched-solaris-x86 0.3.4 127.50 WARN
r-release-linux-x86_64 0.3.4 37.50 43.24 80.74 OK
r-release-macos-arm64 0.3.4 WARN
r-release-macos-x86_64 0.3.4 WARN
r-release-windows-ix86+x86_64 0.3.4 108.00 85.00 193.00 OK
r-oldrel-macos-x86_64 0.3.4 WARN
r-oldrel-windows-ix86+x86_64 0.3.4 80.00 84.00 164.00 OK

Check Details

Version: 0.3.4
Check: package dependencies
Result: NOTE
    Package suggested but not available for checking: 'ggiraph'
Flavor: r-devel-windows-x86_64-gcc10-UCRT

Version: 0.3.4
Check: re-building of vignette outputs
Result: WARN
    Error(s) in re-building vignettes:
     ...
    --- re-building ‘graph_packing.Rmd’ using rmarkdown
    Warning in engine$weave(file, quiet = quiet, encoding = enc) :
     Pandoc (>= 1.12.3) not available. Falling back to R Markdown v1.
    --- finished re-building ‘graph_packing.Rmd’
    
    --- re-building ‘intro.Rmd’ using rmarkdown
    Warning in engine$weave(file, quiet = quiet, encoding = enc) :
     Pandoc (>= 1.12.3) not available. Falling back to R Markdown v1.
    --- finished re-building ‘intro.Rmd’
    
    --- re-building ‘progressive_packing.Rmd’ using rmarkdown
    Warning in engine$weave(file, quiet = quiet, encoding = enc) :
     Pandoc (>= 1.12.3) not available. Falling back to R Markdown v1.
    Quitting from lines 204-226 (progressive_packing.Rmd)
    Error: processing vignette 'progressive_packing.Rmd' failed with diagnostics:
    there is no package called 'webshot'
    --- failed re-building ‘progressive_packing.Rmd’
    
    SUMMARY: processing the following file failed:
     ‘progressive_packing.Rmd’
    
    Error: Vignette re-building failed.
    Execution halted
Flavor: r-patched-solaris-x86

Version: 0.3.4
Check: re-building of vignette outputs
Result: WARN
    Error(s) in re-building vignettes:
     ...
    --- re-building ‘graph_packing.Rmd’ using rmarkdown
    Warning in engine$weave(file, quiet = quiet, encoding = enc) :
     Pandoc (>= 1.12.3) not available. Falling back to R Markdown v1.
    --- finished re-building ‘graph_packing.Rmd’
    
    --- re-building ‘intro.Rmd’ using rmarkdown
    Warning in engine$weave(file, quiet = quiet, encoding = enc) :
     Pandoc (>= 1.12.3) not available. Falling back to R Markdown v1.
    --- finished re-building ‘intro.Rmd’
    
    --- re-building ‘progressive_packing.Rmd’ using rmarkdown
    Warning in engine$weave(file, quiet = quiet, encoding = enc) :
     Pandoc (>= 1.12.3) not available. Falling back to R Markdown v1.
    Quitting from lines 204-226 (progressive_packing.Rmd)
    Error: processing vignette 'progressive_packing.Rmd' failed with diagnostics:
    invalid 'path' argument
    --- failed re-building ‘progressive_packing.Rmd’
    
    SUMMARY: processing the following file failed:
     ‘progressive_packing.Rmd’
    
    Error: Vignette re-building failed.
    Execution halted
Flavors: r-release-macos-arm64, r-release-macos-x86_64

Version: 0.3.4
Check: re-building of vignette outputs
Result: WARN
    Error(s) in re-building vignettes:
     ...
    --- re-building ‘graph_packing.Rmd’ using rmarkdown
    Warning in engine$weave(file, quiet = quiet, encoding = enc) :
     Pandoc (>= 1.12.3) and/or pandoc-citeproc not available. Falling back to R Markdown v1.
    --- finished re-building ‘graph_packing.Rmd’
    
    --- re-building ‘intro.Rmd’ using rmarkdown
    Warning in engine$weave(file, quiet = quiet, encoding = enc) :
     Pandoc (>= 1.12.3) and/or pandoc-citeproc not available. Falling back to R Markdown v1.
    --- finished re-building ‘intro.Rmd’
    
    --- re-building ‘progressive_packing.Rmd’ using rmarkdown
    Warning in engine$weave(file, quiet = quiet, encoding = enc) :
     Pandoc (>= 1.12.3) and/or pandoc-citeproc not available. Falling back to R Markdown v1.
    Quitting from lines 204-226 (progressive_packing.Rmd)
    Error: processing vignette 'progressive_packing.Rmd' failed with diagnostics:
    cannot open the connection
    --- failed re-building ‘progressive_packing.Rmd’
    
    SUMMARY: processing the following file failed:
     ‘progressive_packing.Rmd’
    
    Error: Vignette re-building failed.
    Execution halted
Flavor: r-oldrel-macos-x86_64