CRAN Package Check Results for Package ozmaps

Last updated on 2021-11-28 15:48:48 CET.

Flavor Version Tinstall Tcheck Ttotal Status Flags
r-devel-linux-x86_64-debian-clang 0.4.5 OK
r-devel-linux-x86_64-debian-gcc 0.4.5 7.76 55.04 62.80 OK
r-devel-linux-x86_64-fedora-clang 0.4.5 109.70 OK
r-devel-linux-x86_64-fedora-gcc 0.4.5 97.07 OK
r-devel-windows-x86_64-new-UL 0.4.5 19.00 113.00 132.00 OK
r-devel-windows-x86_64-new-TK 0.4.5 OK
r-devel-windows-x86_64-old 0.4.5 11.00 98.00 109.00 OK
r-patched-linux-x86_64 0.4.5 8.83 65.43 74.26 OK
r-patched-solaris-x86 0.4.5 138.60 OK
r-release-linux-x86_64 0.4.5 9.32 65.74 75.06 OK
r-release-macos-arm64 0.4.5 NOTE
r-release-macos-x86_64 0.4.5 OK
r-release-windows-ix86+x86_64 0.4.5 19.00 71.00 90.00 OK
r-oldrel-macos-x86_64 0.4.5 OK
r-oldrel-windows-ix86+x86_64 0.4.5 21.00 90.00 111.00 OK

Check Details

Version: 0.4.5
Check: installed package size
Result: NOTE
     installed size is 5.1Mb
     sub-directories of 1Mb or more:
     data 4.0Mb
Flavor: r-release-macos-arm64