CRAN Package Check Results for Package oxcAAR

Last updated on 2024-06-13 12:49:51 CEST.

Flavor Version Tinstall Tcheck Ttotal Status Flags
r-devel-linux-x86_64-debian-clang 1.1.1 5.95 85.30 91.25 OK
r-devel-linux-x86_64-debian-gcc 1.1.1 0.41 1.83 2.24 ERROR
r-devel-linux-x86_64-fedora-clang 1.1.1 110.42 OK
r-devel-linux-x86_64-fedora-gcc 1.1.1 130.93 OK
r-devel-windows-x86_64 1.1.1 6.00 94.00 100.00 OK
r-patched-linux-x86_64 1.1.1 4.90 69.33 74.23 OK
r-release-linux-x86_64 1.1.1 4.60 69.02 73.62 OK
r-release-macos-arm64 1.1.1 55.00 OK
r-release-macos-x86_64 1.1.1 75.00 OK
r-release-windows-x86_64 1.1.1 6.00 82.00 88.00 OK
r-oldrel-macos-arm64 1.1.1 78.00 OK
r-oldrel-macos-x86_64 1.1.1 90.00 OK
r-oldrel-windows-x86_64 1.1.1 6.00 101.00 107.00 OK

Check Details

Version: 1.1.1
Check: package dependencies
Result: ERROR Package required but not available: ‘stringr’ Packages suggested but not available for checking: 'testthat', 'ggplot2', 'ggridges' See section ‘The DESCRIPTION file’ in the ‘Writing R Extensions’ manual. Flavor: r-devel-linux-x86_64-debian-gcc