CRAN Package Check Results for Package oxcAAR

Last updated on 2021-06-15 03:50:55 CEST.

Flavor Version Tinstall Tcheck Ttotal Status Flags
r-devel-linux-x86_64-debian-clang 1.1.0 3.24 69.35 72.59 NOTE
r-devel-linux-x86_64-debian-gcc 1.1.0 2.84 53.55 56.39 NOTE
r-devel-linux-x86_64-fedora-clang 1.1.0 97.28 NOTE
r-devel-linux-x86_64-fedora-gcc 1.1.0 83.57 NOTE
r-devel-windows-x86_64 1.1.0 6.00 104.00 110.00 NOTE
r-devel-windows-x86_64-gcc10-UCRT 1.1.0 NOTE
r-patched-linux-x86_64 1.1.0 3.74 68.40 72.14 NOTE
r-patched-solaris-x86 1.1.0 79.10 ERROR
r-release-linux-x86_64 1.1.0 3.05 67.89 70.94 NOTE
r-release-macos-arm64 1.1.0 NOTE
r-release-macos-x86_64 1.1.0 NOTE
r-release-windows-ix86+x86_64 1.1.0 8.00 79.00 87.00 NOTE
r-oldrel-macos-x86_64 1.1.0 OK
r-oldrel-windows-ix86+x86_64 1.1.0 6.00 98.00 104.00 OK

Check Details

Version: 1.1.0
Check: LazyData
Result: NOTE
     'LazyData' is specified without a 'data' directory
Flavors: r-devel-linux-x86_64-debian-clang, r-devel-linux-x86_64-debian-gcc, r-devel-linux-x86_64-fedora-clang, r-devel-linux-x86_64-fedora-gcc, r-devel-windows-x86_64, r-devel-windows-x86_64-gcc10-UCRT, r-patched-linux-x86_64, r-patched-solaris-x86, r-release-linux-x86_64, r-release-macos-arm64, r-release-macos-x86_64, r-release-windows-ix86+x86_64

Version: 1.1.0
Check: tests
Result: ERROR
     Running ‘testthat.R’
    Running the tests in ‘tests/testthat.R’ failed.
    Complete output:
     > library(testthat)
     > library(oxcAAR)
     >
     > test_check("oxcAAR")
     sh: /home/ripley/R/packages/tests32/oxcAAR.Rcheck/tests/testthat/ox_output.js: cannot execute
     ══ Failed tests ════════════════════════════════════════════════════════════════
     ── Failure (test_utility_functions.R:30:3): quickSetupOxcal downloads oxcal and sets correct path ──
     `quickSetupOxcal()` threw an error.
     Message: argument is of length zero
     Class: simpleError/error/condition
     Backtrace:
     █
     1. ├─testthat::expect_error(quickSetupOxcal(), NA) test_utility_functions.R:30:2
     2. │ └─testthat:::quasi_capture(...)
     3. │ ├─testthat:::.capture(...)
     4. │ │ └─base::withCallingHandlers(...)
     5. │ └─rlang::eval_bare(quo_get_expr(.quo), quo_get_env(.quo))
     6. └─oxcAAR::quickSetupOxcal()
     ── Failure (test_utility_functions.R:31:3): quickSetupOxcal downloads oxcal and sets correct path ──
     dir.exists(paste0(tempdir(), "/OxCal/bin/")) is not TRUE
    
     `actual`: FALSE
     `expected`: TRUE
     ── Failure (test_utility_functions.R:32:3): quickSetupOxcal downloads oxcal and sets correct path ──
     `%in%`(...) is not TRUE
    
     `actual`: FALSE
     `expected`: TRUE
    
     [ FAIL 3 | WARN 0 | SKIP 0 | PASS 100 ]
     Error: Test failures
     Execution halted
Flavor: r-patched-solaris-x86

Version: 1.1.0
Check: re-building of vignette outputs
Result: WARN
    Error(s) in re-building vignettes:
     ...
    --- re-building ‘basic-usage.Rmd’ using rmarkdown
    Warning in engine$weave(file, quiet = quiet, encoding = enc) :
     Pandoc (>= 1.12.3) not available. Falling back to R Markdown v1.
    Quitting from lines 24-31 (basic-usage.Rmd)
    Error: processing vignette 'basic-usage.Rmd' failed with diagnostics:
    argument is of length zero
    --- failed re-building ‘basic-usage.Rmd’
    
    SUMMARY: processing the following file failed:
     ‘basic-usage.Rmd’
    
    Error: Vignette re-building failed.
    Execution halted
Flavor: r-patched-solaris-x86