CRAN Package Check Results for Package overture

Last updated on 2021-06-20 19:50:35 CEST.

Flavor Version Tinstall Tcheck Ttotal Status Flags
r-devel-linux-x86_64-debian-clang 0.4-0 2.08 31.68 33.76 NOTE
r-devel-linux-x86_64-debian-gcc 0.4-0 1.78 24.28 26.06 NOTE
r-devel-linux-x86_64-fedora-clang 0.4-0 49.14 NOTE
r-devel-linux-x86_64-fedora-gcc 0.4-0 48.28 NOTE
r-devel-windows-x86_64 0.4-0 4.00 37.00 41.00 NOTE
r-devel-windows-x86_64-gcc10-UCRT 0.4-0 NOTE
r-patched-linux-x86_64 0.4-0 4.09 30.84 34.93 NOTE
r-patched-solaris-x86 0.4-0 59.40 NOTE
r-release-linux-x86_64 0.4-0 2.20 30.61 32.81 NOTE
r-release-macos-arm64 0.4-0 NOTE
r-release-macos-x86_64 0.4-0 NOTE
r-release-windows-ix86+x86_64 0.4-0 5.00 49.00 54.00 NOTE
r-oldrel-macos-x86_64 0.4-0 OK

Check Details

Version: 0.4-0
Check: LazyData
Result: NOTE
     'LazyData' is specified without a 'data' directory
Flavors: r-devel-linux-x86_64-debian-clang, r-devel-linux-x86_64-debian-gcc, r-devel-linux-x86_64-fedora-clang, r-devel-linux-x86_64-fedora-gcc, r-devel-windows-x86_64, r-devel-windows-x86_64-gcc10-UCRT, r-patched-linux-x86_64, r-patched-solaris-x86, r-release-linux-x86_64, r-release-macos-arm64, r-release-macos-x86_64, r-release-windows-ix86+x86_64

Version: 0.4-0
Check: package dependencies
Result: NOTE
    Package suggested but not available for checking: 'covr'
Flavor: r-devel-windows-x86_64-gcc10-UCRT