CRAN Package Check Results for Package ottr

Last updated on 2022-08-07 23:59:11 CEST.

Flavor Version Tinstall Tcheck Ttotal Status Flags
r-devel-linux-x86_64-debian-clang 1.2.0 4.39 28.32 32.71 OK
r-devel-linux-x86_64-debian-gcc 1.2.0 3.13 22.18 25.31 OK
r-devel-linux-x86_64-fedora-clang 1.2.0 51.62 NOTE
r-devel-linux-x86_64-fedora-gcc 1.2.0 50.24 NOTE
r-devel-windows-x86_64 1.2.0 20.00 52.00 72.00 OK
r-patched-linux-x86_64 1.2.0 3.71 27.30 31.01 OK
r-release-linux-x86_64 1.2.0 3.66 26.93 30.59 OK
r-release-macos-arm64 1.2.0 18.00 NOTE
r-release-macos-x86_64 1.2.0 25.00 NOTE
r-release-windows-x86_64 1.2.0 16.00 53.00 69.00 OK
r-oldrel-macos-arm64 1.2.0 17.00 NOTE
r-oldrel-macos-x86_64 1.2.0 25.00 NOTE
r-oldrel-windows-ix86+x86_64 1.2.0 10.00 46.00 56.00 OK

Check Details

Version: 1.2.0
Check: dependencies in R code
Result: NOTE
    Namespaces in Imports field not imported from:
     ‘R6’ ‘jsonlite’
     All declared Imports should be used.
Flavors: r-devel-linux-x86_64-fedora-clang, r-devel-linux-x86_64-fedora-gcc, r-release-macos-arm64, r-release-macos-x86_64, r-oldrel-macos-arm64, r-oldrel-macos-x86_64