CRAN Package Check Results for Package osmplotr

Last updated on 2021-12-08 03:58:27 CET.

Flavor Version Tinstall Tcheck Ttotal Status Flags
r-devel-linux-x86_64-debian-clang 0.3.3 13.72 232.84 246.56 OK
r-devel-linux-x86_64-debian-gcc 0.3.3 12.20 170.65 182.85 OK
r-devel-linux-x86_64-fedora-clang 0.3.3 294.96 NOTE
r-devel-linux-x86_64-fedora-gcc 0.3.3 283.13 OK
r-devel-windows-x86_64-new-UL 0.3.3 28.00 322.00 350.00 NOTE
r-devel-windows-x86_64-new-TK 0.3.3 OK
r-devel-windows-x86_64-old 0.3.3 24.00 211.00 235.00 NOTE
r-patched-linux-x86_64 0.3.3 12.32 226.62 238.94 OK
r-release-linux-x86_64 0.3.3 9.88 223.83 233.71 OK
r-release-macos-arm64 0.3.3 NOTE
r-release-macos-x86_64 0.3.3 NOTE
r-release-windows-ix86+x86_64 0.3.3 24.00 284.00 308.00 NOTE
r-oldrel-macos-x86_64 0.3.3 NOTE
r-oldrel-windows-ix86+x86_64 0.3.3 32.00 290.00 322.00 NOTE

Check Details

Version: 0.3.3
Check: installed package size
Result: NOTE
     installed size is 9.2Mb
     sub-directories of 1Mb or more:
     doc 7.8Mb
Flavors: r-devel-linux-x86_64-fedora-clang, r-devel-windows-x86_64-new-UL, r-devel-windows-x86_64-old, r-release-macos-arm64, r-release-macos-x86_64, r-release-windows-ix86+x86_64, r-oldrel-macos-x86_64, r-oldrel-windows-ix86+x86_64