CRAN Package Check Results for Package osmdata

Last updated on 2021-05-09 11:48:42 CEST.

Flavor Version Tinstall Tcheck Ttotal Status Flags
r-devel-linux-x86_64-debian-clang 0.1.5 89.01 81.94 170.95 NOTE
r-devel-linux-x86_64-debian-gcc 0.1.5 63.46 63.65 127.11 NOTE
r-devel-linux-x86_64-fedora-clang 0.1.5 237.69 NOTE
r-devel-linux-x86_64-fedora-gcc 0.1.5 217.29 NOTE
r-devel-windows-ix86+x86_64 0.1.5 174.00 157.00 331.00 NOTE
r-devel-windows-x86_64-gcc10-UCRT 0.1.5 NOTE
r-patched-linux-x86_64 0.1.5 77.99 79.31 157.30 NOTE
r-patched-solaris-x86 0.1.5 238.70 NOTE
r-release-linux-x86_64 0.1.5 75.19 77.65 152.84 OK
r-release-macos-x86_64 0.1.5 NOTE
r-release-windows-ix86+x86_64 0.1.5 147.00 123.00 270.00 NOTE
r-oldrel-macos-x86_64 0.1.5 NOTE
r-oldrel-windows-ix86+x86_64 0.1.5 176.00 158.00 334.00 NOTE

Check Details

Version: 0.1.5
Check: LazyData
Result: NOTE
     'LazyData' is specified without a 'data' directory
Flavors: r-devel-linux-x86_64-debian-clang, r-devel-linux-x86_64-debian-gcc, r-devel-linux-x86_64-fedora-clang, r-devel-linux-x86_64-fedora-gcc, r-devel-windows-ix86+x86_64, r-devel-windows-x86_64-gcc10-UCRT, r-patched-linux-x86_64

Version: 0.1.5
Check: installed package size
Result: NOTE
     installed size is 11.2Mb
     sub-directories of 1Mb or more:
     doc 4.3Mb
     libs 5.9Mb
Flavors: r-devel-linux-x86_64-fedora-clang, r-devel-windows-ix86+x86_64, r-patched-solaris-x86, r-release-macos-x86_64, r-release-windows-ix86+x86_64, r-oldrel-macos-x86_64, r-oldrel-windows-ix86+x86_64