Last updated on 2021-04-14 19:47:15 CEST.
Flavor | Version | Tinstall | Tcheck | Ttotal | Status | Flags |
---|---|---|---|---|---|---|
r-devel-linux-x86_64-debian-clang | 0.11.0 | 17.70 | 103.73 | 121.43 | NOTE | |
r-devel-linux-x86_64-debian-gcc | 0.11.0 | 16.00 | 78.21 | 94.21 | NOTE | |
r-devel-linux-x86_64-fedora-clang | 0.11.0 | 155.62 | NOTE | |||
r-devel-linux-x86_64-fedora-gcc | 0.11.0 | 153.59 | NOTE | |||
r-devel-windows-ix86+x86_64 | 0.11.0 | 35.00 | 111.00 | 146.00 | NOTE | |
r-devel-windows-x86_64-gcc10-UCRT | 0.11.0 | NOTE | ||||
r-patched-linux-x86_64 | 0.11.0 | 17.43 | 96.96 | 114.39 | OK | |
r-patched-solaris-x86 | 0.11.0 | 186.30 | NOTE | |||
r-release-linux-x86_64 | 0.11.0 | 18.08 | 96.81 | 114.89 | OK | |
r-release-macos-x86_64 | 0.11.0 | NOTE | ||||
r-release-windows-ix86+x86_64 | 0.11.0 | 29.00 | 131.00 | 160.00 | NOTE | |
r-oldrel-macos-x86_64 | 0.11.0 | NOTE | ||||
r-oldrel-windows-ix86+x86_64 | 0.11.0 | 31.00 | 91.00 | 122.00 | NOTE |
Version: 0.11.0
Check: LazyData
Result: NOTE
'LazyData' is specified without a 'data' directory
'LazyDataCompression' is specified without a 'data' directory
Flavors: r-devel-linux-x86_64-debian-clang, r-devel-linux-x86_64-debian-gcc, r-devel-linux-x86_64-fedora-clang, r-devel-linux-x86_64-fedora-gcc, r-devel-windows-ix86+x86_64, r-devel-windows-x86_64-gcc10-UCRT
Version: 0.11.0
Check: installed package size
Result: NOTE
installed size is 6.6Mb
sub-directories of 1Mb or more:
R 1.0Mb
nifti 3.8Mb
Flavors: r-devel-linux-x86_64-fedora-clang, r-devel-windows-ix86+x86_64, r-patched-solaris-x86, r-release-macos-x86_64, r-release-windows-ix86+x86_64, r-oldrel-macos-x86_64, r-oldrel-windows-ix86+x86_64