CRAN Package Check Results for Package ormBigData

Last updated on 2024-06-13 16:49:17 CEST.

Flavor Version Tinstall Tcheck Ttotal Status Flags
r-devel-linux-x86_64-debian-clang 0.0.1 12.33 113.39 125.72 OK
r-devel-linux-x86_64-debian-gcc 0.0.1 0.33 1.68 2.01 ERROR
r-devel-linux-x86_64-fedora-clang 0.0.1 168.19 OK
r-devel-linux-x86_64-fedora-gcc 0.0.1 146.38 OK
r-devel-windows-x86_64 0.0.1 13.00 91.00 104.00 OK
r-patched-linux-x86_64 0.0.1 9.00 105.82 114.82 OK
r-release-linux-x86_64 0.0.1 8.93 105.96 114.89 OK
r-release-macos-arm64 0.0.1 42.00 OK
r-release-macos-x86_64 0.0.1 63.00 OK
r-release-windows-x86_64 0.0.1 12.00 93.00 105.00 OK
r-oldrel-macos-arm64 0.0.1 53.00 OK
r-oldrel-macos-x86_64 0.0.1 76.00 OK
r-oldrel-windows-x86_64 0.0.1 16.00 115.00 131.00 OK

Check Details

Version: 0.0.1
Check: package dependencies
Result: ERROR Packages required but not available: 'rms', 'Hmisc', 'benchmarkme' See section ‘The DESCRIPTION file’ in the ‘Writing R Extensions’ manual. Flavor: r-devel-linux-x86_64-debian-gcc