Last updated on 2023-01-29 07:56:10 CET.
Flavor | Version | Tinstall | Tcheck | Ttotal | Status | Flags |
---|---|---|---|---|---|---|
r-devel-linux-x86_64-debian-clang | 0.1.1 | 12.86 | 141.63 | 154.49 | OK | |
r-devel-linux-x86_64-debian-gcc | 0.1.1 | 10.65 | 103.70 | 114.35 | OK | |
r-devel-linux-x86_64-fedora-clang | 0.1.1 | 182.68 | NOTE | |||
r-devel-linux-x86_64-fedora-gcc | 0.1.1 | 195.07 | NOTE | |||
r-devel-windows-x86_64 | 0.1.1 | 102.00 | 196.00 | 298.00 | OK | |
r-patched-linux-x86_64 | 0.1.1 | 16.78 | 125.94 | 142.72 | OK | |
r-release-linux-x86_64 | 0.1.1 | 13.01 | 127.67 | 140.68 | OK | |
r-release-macos-arm64 | 0.1.1 | 53.00 | NOTE | |||
r-release-macos-x86_64 | 0.1.1 | 72.00 | NOTE | |||
r-release-windows-x86_64 | 0.1.1 | 63.00 | 188.00 | 251.00 | OK | |
r-oldrel-macos-arm64 | 0.1.1 | 60.00 | NOTE | |||
r-oldrel-macos-x86_64 | 0.1.1 | 74.00 | NOTE | |||
r-oldrel-windows-ix86+x86_64 | 0.1.1 | 27.00 | 158.00 | 185.00 | OK |
Version: 0.1.1
Check: Rd cross-references
Result: NOTE
Undeclared package ‘pillar’ in Rd xrefs
Flavor: r-devel-linux-x86_64-fedora-clang
Version: 0.1.1
Check: data for non-ASCII characters
Result: NOTE
Note: found 4 marked UTF-8 strings
Flavors: r-devel-linux-x86_64-fedora-clang, r-devel-linux-x86_64-fedora-gcc, r-release-macos-arm64, r-release-macos-x86_64, r-oldrel-macos-arm64, r-oldrel-macos-x86_64