Last updated on 2021-01-17 11:49:30 CET.
Flavor | Version | Tinstall | Tcheck | Ttotal | Status | Flags |
---|---|---|---|---|---|---|
r-devel-linux-x86_64-debian-clang | 2.0-1 | 2.91 | 28.02 | 30.93 | OK | --no-examples --no-tests --no-vignettes |
r-devel-linux-x86_64-debian-gcc | 2.0-1 | 2.31 | 22.67 | 24.98 | OK | --no-examples --no-tests --no-vignettes |
r-patched-linux-x86_64 | 2.0-1 | 2.89 | 27.11 | 30.00 | OK | --no-examples --no-tests --no-vignettes |
r-release-linux-x86_64 | 2.0-1 | 2.90 | 27.10 | 30.00 | OK | --no-examples --no-tests --no-vignettes |
r-release-macos-x86_64 | 2.0-1 | ERROR | ||||
r-release-windows-ix86+x86_64 | 2.0-1 | 1.00 | 5.00 | 6.00 | ERROR | |
r-oldrel-macos-x86_64 | 2.0-1 | ERROR |
Version: 2.0-1
Check: package dependencies
Result: ERROR
Package required but not available: ‘ROracle’
See section ‘The DESCRIPTION file’ in the ‘Writing R Extensions’
manual.
Flavors: r-release-macos-x86_64, r-release-windows-ix86+x86_64, r-oldrel-macos-x86_64