Last updated on 2022-05-23 15:53:41 CEST.
Flavor | Version | Tinstall | Tcheck | Ttotal | Status | Flags |
---|---|---|---|---|---|---|
r-devel-linux-x86_64-debian-clang | 3.0-3 | 13.83 | 113.32 | 127.15 | OK | |
r-devel-linux-x86_64-debian-gcc | 3.0-3 | 11.68 | 84.50 | 96.18 | OK | |
r-devel-linux-x86_64-fedora-clang | 3.0-3 | 154.41 | NOTE | |||
r-devel-linux-x86_64-fedora-gcc | 3.0-3 | 137.83 | NOTE | |||
r-devel-windows-x86_64 | 3.0-3 | 44.00 | 136.00 | 180.00 | OK | |
r-patched-linux-x86_64 | 3.0-3 | 16.92 | 106.47 | 123.39 | OK | |
r-release-linux-x86_64 | 3.0-3 | OK | ||||
r-release-macos-arm64 | 3.0-3 | 51.00 | OK | |||
r-release-macos-x86_64 | 3.0-3 | 60.00 | OK | |||
r-release-windows-x86_64 | 3.0-3 | 50.00 | 139.00 | 189.00 | OK | |
r-oldrel-macos-arm64 | 3.0-3 | 60.00 | OK | |||
r-oldrel-macos-x86_64 | 3.0-3 | 84.00 | OK | |||
r-oldrel-windows-ix86+x86_64 | 3.0-3 | 37.00 | 173.00 | 210.00 | OK |
Version: 3.0-3
Check: Rd cross-references
Result: NOTE
Undeclared package ‘vegan’ in Rd xrefs
Flavor: r-devel-linux-x86_64-fedora-clang
Version: 3.0-3
Check: compiled code
Result: NOTE
File ‘optpart/libs/optpart.so’:
Found no calls to: ‘R_registerRoutines’, ‘R_useDynamicSymbols’
It is good practice to register native routines and to disable symbol
search.
See ‘Writing portable packages’ in the ‘Writing R Extensions’ manual.
Flavors: r-devel-linux-x86_64-fedora-clang, r-devel-linux-x86_64-fedora-gcc