CRAN Package Check Results for Package optparse

Last updated on 2024-06-14 05:00:28 CEST.

Flavor Version Tinstall Tcheck Ttotal Status Flags
r-devel-linux-x86_64-debian-clang 1.7.5 2.77 37.44 40.21 OK
r-devel-linux-x86_64-debian-gcc 1.7.5 2.10 27.69 29.79 ERROR
r-devel-linux-x86_64-fedora-clang 1.7.5 51.54 OK
r-devel-linux-x86_64-fedora-gcc 1.7.5 61.86 OK
r-devel-windows-x86_64 1.7.5 3.00 47.00 50.00 OK --no-vignettes
r-patched-linux-x86_64 1.7.5 3.05 36.36 39.41 OK
r-release-linux-x86_64 1.7.5 1.97 36.37 38.34 OK
r-release-macos-arm64 1.7.5 39.00 OK
r-release-macos-x86_64 1.7.5 38.00 OK
r-release-windows-x86_64 1.7.5 4.00 53.00 57.00 OK --no-vignettes
r-oldrel-macos-arm64 1.7.5 32.00 OK
r-oldrel-macos-x86_64 1.7.5 84.00 OK
r-oldrel-windows-x86_64 1.7.5 3.00 49.00 52.00 OK --no-vignettes

Check Details

Version: 1.7.5
Check: package dependencies
Result: NOTE Packages suggested but not available for checking: 'stringr', 'testthat' Flavor: r-devel-linux-x86_64-debian-gcc

Version: 1.7.5
Check: tests
Result: ERROR Running ‘run-all.R’ [0s/1s] Running ‘test_help.R’ [0s/1s] Comparing ‘test_help.Rout’ to ‘test_help.Rout.save’ ... OK Running the tests in ‘tests/run-all.R’ failed. Complete output: > library("testthat") Error in library("testthat") : there is no package called 'testthat' Execution halted Flavor: r-devel-linux-x86_64-debian-gcc