CRAN Package Check Results for Package optim.functions

Last updated on 2022-05-26 03:53:15 CEST.

Flavor Version Tinstall Tcheck Ttotal Status Flags
r-devel-linux-x86_64-debian-clang 0.1 2.42 32.50 34.92 NOTE
r-devel-linux-x86_64-debian-gcc 0.1 1.92 25.76 27.68 NOTE
r-devel-linux-x86_64-fedora-clang 0.1 45.46 NOTE
r-devel-linux-x86_64-fedora-gcc 0.1 43.91 NOTE
r-devel-windows-x86_64 0.1 25.00 55.00 80.00 NOTE
r-patched-linux-x86_64 0.1 2.55 31.33 33.88 NOTE
r-release-linux-x86_64 0.1 NOTE
r-release-macos-arm64 0.1 16.00 NOTE
r-release-macos-x86_64 0.1 24.00 NOTE
r-release-windows-x86_64 0.1 22.00 57.00 79.00 NOTE
r-oldrel-macos-arm64 0.1 21.00 NOTE
r-oldrel-macos-x86_64 0.1 28.00 NOTE
r-oldrel-windows-ix86+x86_64 0.1 5.00 45.00 50.00 NOTE

Check Details

Version: 0.1
Check: LazyData
Result: NOTE
     'LazyData' is specified without a 'data' directory
Flavors: r-devel-linux-x86_64-debian-clang, r-devel-linux-x86_64-debian-gcc, r-devel-linux-x86_64-fedora-clang, r-devel-linux-x86_64-fedora-gcc, r-devel-windows-x86_64, r-patched-linux-x86_64, r-release-linux-x86_64, r-release-macos-arm64, r-release-macos-x86_64, r-release-windows-x86_64, r-oldrel-macos-arm64, r-oldrel-macos-x86_64, r-oldrel-windows-ix86+x86_64