CRAN Package Check Results for Package openssl

Last updated on 2021-05-07 23:47:56 CEST.

Flavor Version Tinstall Tcheck Ttotal Status Flags
r-devel-linux-x86_64-debian-clang 1.4.4 15.27 51.59 66.86 OK
r-devel-linux-x86_64-debian-gcc 1.4.4 8.05 40.67 48.72 OK
r-devel-linux-x86_64-fedora-clang 1.4.4 89.54 OK
r-devel-linux-x86_64-fedora-gcc 1.4.4 80.59 OK
r-devel-windows-ix86+x86_64 1.4.3 59.00 129.00 188.00 NOTE
r-devel-windows-x86_64-gcc10-UCRT 1.4.4 WARN
r-patched-linux-x86_64 1.4.4 10.78 52.12 62.90 OK
r-patched-solaris-x86 1.4.4 131.90 OK
r-release-linux-x86_64 1.4.4 9.98 50.38 60.36 OK
r-release-macos-x86_64 1.4.4 NOTE
r-release-windows-ix86+x86_64 1.4.4 72.00 182.00 254.00 NOTE
r-oldrel-macos-x86_64 1.4.4 NOTE
r-oldrel-windows-ix86+x86_64 1.4.3 65.00 136.00 201.00 NOTE

Check Details

Version: 1.4.3
Check: installed package size
Result: NOTE
     installed size is 8.7Mb
     sub-directories of 1Mb or more:
     doc 2.6Mb
     libs 5.7Mb
Flavors: r-devel-windows-ix86+x86_64, r-oldrel-windows-ix86+x86_64

Version: 1.4.4
Check: whether package can be installed
Result: WARN
    Found the following significant warnings:
     WARNING: failed to apply patch patches/CRAN/openssl.diff
Flavor: r-devel-windows-x86_64-gcc10-UCRT

Version: 1.4.4
Check: installed package size
Result: NOTE
     installed size is 7.0Mb
     sub-directories of 1Mb or more:
     doc 3.0Mb
     libs 3.5Mb
Flavors: r-release-macos-x86_64, r-release-windows-ix86+x86_64, r-oldrel-macos-x86_64