Last updated on 2022-08-10 03:53:20 CEST.
Flavor | Version | Tinstall | Tcheck | Ttotal | Status | Flags |
---|---|---|---|---|---|---|
r-devel-linux-x86_64-debian-clang | 0.1.1 | 2.45 | 24.72 | 27.17 | OK | |
r-devel-linux-x86_64-debian-gcc | 0.1.1 | 2.23 | 19.89 | 22.12 | OK | |
r-devel-linux-x86_64-fedora-clang | 0.1.1 | 44.53 | NOTE | |||
r-devel-linux-x86_64-fedora-gcc | 0.1.1 | 43.35 | NOTE | |||
r-devel-windows-x86_64 | 0.1.1 | 13.00 | 53.00 | 66.00 | OK | |
r-patched-linux-x86_64 | 0.1.1 | 1.88 | 24.74 | 26.62 | OK | |
r-release-linux-x86_64 | 0.1.1 | OK | ||||
r-release-macos-arm64 | 0.1.1 | 17.00 | NOTE | |||
r-release-macos-x86_64 | 0.1.1 | 26.00 | NOTE | |||
r-release-windows-x86_64 | 0.1.1 | 13.00 | 53.00 | 66.00 | OK | |
r-oldrel-macos-arm64 | 0.1.1 | 15.00 | NOTE | |||
r-oldrel-macos-x86_64 | 0.1.1 | 23.00 | NOTE | |||
r-oldrel-windows-ix86+x86_64 | 0.1.1 | 7.00 | 42.00 | 49.00 | OK |
Version: 0.1.1
Check: dependencies in R code
Result: NOTE
Namespaces in Imports field not imported from:
‘dplyr’ ‘glue’ ‘httpcode’ ‘httr’ ‘jsonlite’ ‘tidyr’
All declared Imports should be used.
Flavors: r-devel-linux-x86_64-fedora-clang, r-devel-linux-x86_64-fedora-gcc, r-release-macos-arm64, r-release-macos-x86_64, r-oldrel-macos-arm64, r-oldrel-macos-x86_64