CRAN Package Check Results for Package openSkies

Last updated on 2021-06-15 11:50:16 CEST.

Flavor Version Tinstall Tcheck Ttotal Status Flags
r-devel-linux-x86_64-debian-clang 1.1.1 16.88 79.43 96.31 OK
r-devel-linux-x86_64-debian-gcc 1.1.1 10.57 60.07 70.64 OK
r-devel-linux-x86_64-fedora-clang 1.1.1 133.26 OK
r-devel-linux-x86_64-fedora-gcc 1.1.1 115.44 OK
r-devel-windows-x86_64 1.1.1 24.00 263.00 287.00 OK
r-devel-windows-x86_64-gcc10-UCRT 1.1.1 OK
r-patched-linux-x86_64 1.1.1 20.94 73.73 94.67 OK
r-release-linux-x86_64 1.1.1 11.86 74.25 86.11 OK
r-release-macos-arm64 1.1.1 ERROR
r-release-macos-x86_64 1.1.1 OK
r-release-windows-ix86+x86_64 1.1.1 30.00 141.00 171.00 OK
r-oldrel-macos-x86_64 1.1.1 OK
r-oldrel-windows-ix86+x86_64 1.1.1 36.00 110.00 146.00 OK

Check Details

Version: 1.1.1
Check: package dependencies
Result: NOTE
    Package suggested but not available for checking: ‘BiocStyle’
Flavor: r-release-macos-arm64

Version: 1.1.1
Check: examples
Result: ERROR
    Running examples in ‘openSkies-Ex.R’ failed
    The error most likely occurred in:
    
    > ### Name: getSingleTimeStateVectors
    > ### Title: Retrieve all state vectors received at a given time point
    > ### Aliases: getSingleTimeStateVectors
    >
    > ### ** Examples
    >
    > # Obtain a list with the state vectors for all aircrafts currently flying over
    > # an area covering Switzerland.
    >
    > getSingleTimeStateVectors(minLatitude=45.8389, maxLatitude=47.8229,
    + minLongitude=5.9962, maxLongitude=10.5226)
    Error in getSingleTimeStateVectors(minLatitude = 45.8389, maxLatitude = 47.8229, :
     object 'openSkiesStateVectorsResult' not found
    Execution halted
Flavor: r-release-macos-arm64

Version: 1.1.1
Check: re-building of vignette outputs
Result: WARN
    Error(s) in re-building vignettes:
     ...
    --- re-building ‘openSkies.Rmd’ using rmarkdown
    Warning in engine$weave(file, quiet = quiet, encoding = enc) :
     Pandoc (>= 1.12.3) not available. Falling back to R Markdown v1.
    Loading required package: grid
    Quitting from lines 136-147 (openSkies.Rmd)
    Error: processing vignette 'openSkies.Rmd' failed with diagnostics:
    object 'openSkiesStateVectorsResult' not found
    --- failed re-building ‘openSkies.Rmd’
    
    SUMMARY: processing the following file failed:
     ‘openSkies.Rmd’
    
    Error: Vignette re-building failed.
    Execution halted
Flavor: r-release-macos-arm64