CRAN Package Check Results for Package officer

Last updated on 2021-11-27 07:49:56 CET.

Flavor Version Tinstall Tcheck Ttotal Status Flags
r-devel-linux-x86_64-debian-clang 0.4.1 OK
r-devel-linux-x86_64-debian-gcc 0.4.1 15.81 70.60 86.41 OK
r-devel-linux-x86_64-fedora-clang 0.4.1 149.60 OK
r-devel-linux-x86_64-fedora-gcc 0.4.1 140.20 OK
r-devel-windows-x86_64-new-UL 0.4.1 50.00 169.00 219.00 OK
r-devel-windows-x86_64-new-TK 0.4.1 OK
r-devel-windows-x86_64-old 0.4.1 20.00 132.00 152.00 OK
r-patched-linux-x86_64 0.4.1 18.65 89.94 108.59 OK
r-patched-solaris-x86 0.4.1 167.90 NOTE
r-release-linux-x86_64 0.4.1 OK
r-release-macos-arm64 0.4.1 OK
r-release-macos-x86_64 0.4.1 OK
r-release-windows-ix86+x86_64 0.4.1 32.00 100.00 132.00 OK
r-oldrel-macos-x86_64 0.4.1 OK
r-oldrel-windows-ix86+x86_64 0.4.1 32.00 147.00 179.00 OK

Check Details

Version: 0.4.1
Check: package dependencies
Result: NOTE
    Package suggested but not available for checking: ‘rsvg’
Flavor: r-patched-solaris-x86