CRAN Package Check Results for Package odr

Last updated on 2021-06-16 19:49:53 CEST.

Flavor Version Tinstall Tcheck Ttotal Status Flags
r-devel-linux-x86_64-debian-clang 1.0.2 7.96 52.21 60.17 NOTE
r-devel-linux-x86_64-debian-gcc 1.0.2 6.63 39.17 45.80 NOTE
r-devel-linux-x86_64-fedora-clang 1.0.2 82.13 NOTE
r-devel-linux-x86_64-fedora-gcc 1.0.2 70.18 NOTE
r-devel-windows-x86_64 1.0.2 12.00 51.00 63.00 NOTE
r-devel-windows-x86_64-gcc10-UCRT 1.0.2 NOTE
r-patched-linux-x86_64 1.0.2 7.15 49.89 57.04 NOTE
r-patched-solaris-x86 1.0.2 88.40 NOTE
r-release-linux-x86_64 1.0.2 6.37 50.10 56.47 NOTE
r-release-macos-arm64 1.0.2 NOTE
r-release-macos-x86_64 1.0.2 NOTE
r-release-windows-ix86+x86_64 1.0.2 13.00 66.00 79.00 NOTE
r-oldrel-macos-x86_64 1.0.2 OK
r-oldrel-windows-ix86+x86_64 1.0.2 11.00 65.00 76.00 OK

Check Details

Version: 1.0.2
Check: LazyData
Result: NOTE
     'LazyData' is specified without a 'data' directory
Flavors: r-devel-linux-x86_64-debian-clang, r-devel-linux-x86_64-debian-gcc, r-devel-linux-x86_64-fedora-clang, r-devel-linux-x86_64-fedora-gcc, r-devel-windows-x86_64, r-devel-windows-x86_64-gcc10-UCRT, r-patched-linux-x86_64, r-patched-solaris-x86, r-release-linux-x86_64, r-release-macos-arm64, r-release-macos-x86_64, r-release-windows-ix86+x86_64