CRAN Package Check Results for Package oddsapiR

Last updated on 2023-01-29 07:56:10 CET.

Flavor Version Tinstall Tcheck Ttotal Status Flags
r-devel-linux-x86_64-debian-clang 0.0.2 8.09 64.69 72.78 OK
r-devel-linux-x86_64-debian-gcc 0.0.2 6.11 48.49 54.60 OK
r-devel-linux-x86_64-fedora-clang 0.0.2 85.75 NOTE
r-devel-linux-x86_64-fedora-gcc 0.0.2 84.56 NOTE
r-devel-windows-x86_64 0.0.2 27.00 93.00 120.00 OK
r-patched-linux-x86_64 0.0.2 7.42 63.33 70.75 OK
r-release-linux-x86_64 0.0.2 6.88 62.15 69.03 OK
r-release-macos-arm64 0.0.2 28.00 OK
r-release-macos-x86_64 0.0.2 39.00 OK
r-release-windows-x86_64 0.0.2 18.00 86.00 104.00 OK
r-oldrel-macos-arm64 0.0.2 30.00 OK
r-oldrel-macos-x86_64 0.0.2 43.00 OK
r-oldrel-windows-ix86+x86_64 0.0.2 19.00 86.00 105.00 OK

Check Details

Version: 0.0.2
Check: dependencies in R code
Result: NOTE
    Namespace in Imports field not imported from: ‘purrr’
     All declared Imports should be used.
Flavors: r-devel-linux-x86_64-fedora-clang, r-devel-linux-x86_64-fedora-gcc

Version: 0.0.2
Check: data for non-ASCII characters
Result: NOTE
     Note: found 4 marked UTF-8 strings
Flavors: r-devel-linux-x86_64-fedora-clang, r-devel-linux-x86_64-fedora-gcc