CRAN Package Check Results for Package odbc

Last updated on 2021-01-27 15:51:51 CET.

Flavor Version Tinstall Tcheck Ttotal Status Flags
r-devel-linux-x86_64-debian-clang 1.3.0 84.86 51.41 136.27 WARN
r-devel-linux-x86_64-debian-gcc 1.3.0 OK
r-devel-linux-x86_64-fedora-clang 1.3.0 203.72 WARN
r-devel-linux-x86_64-fedora-gcc 1.3.0 194.18 OK
r-devel-windows-ix86+x86_64 1.3.0 226.00 103.00 329.00 OK
r-patched-linux-x86_64 1.3.0 69.93 49.52 119.45 OK
r-patched-solaris-x86 1.3.0 175.70 OK
r-release-linux-x86_64 1.3.0 77.10 49.84 126.94 OK
r-release-macos-x86_64 1.3.0 NOTE
r-release-windows-ix86+x86_64 1.3.0 221.00 81.00 302.00 OK
r-oldrel-macos-x86_64 1.3.0 NOTE
r-oldrel-windows-ix86+x86_64 1.3.0 170.00 107.00 277.00 OK

Check Details

Version: 1.3.0
Check: whether package can be installed
Result: WARN
    Found the following significant warnings:
     src/time_zone_posix.h:72:7: warning: anonymous types declared in an anonymous union are an extension [-Wnested-anon-types]
     src/time_zone_posix.h:75:7: warning: anonymous types declared in an anonymous union are an extension [-Wnested-anon-types]
     src/time_zone_posix.h:78:7: warning: anonymous types declared in an anonymous union are an extension [-Wnested-anon-types]
Flavors: r-devel-linux-x86_64-debian-clang, r-devel-linux-x86_64-fedora-clang

Version: 1.3.0
Check: installed package size
Result: NOTE
     installed size is 7.9Mb
     sub-directories of 1Mb or more:
     libs 7.5Mb
Flavors: r-devel-linux-x86_64-fedora-clang, r-release-macos-x86_64, r-oldrel-macos-x86_64