CRAN Package Check Results for Package oceanexplorer

Last updated on 2023-01-29 07:56:10 CET.

Flavor Version Tinstall Tcheck Ttotal Status Flags
r-devel-linux-x86_64-debian-clang 0.0.2 9.09 71.98 81.07 OK
r-devel-linux-x86_64-debian-gcc 0.0.2 6.03 59.14 65.17 OK
r-devel-linux-x86_64-fedora-clang 0.0.2 108.62 OK
r-devel-linux-x86_64-fedora-gcc 0.0.2 128.93 OK
r-devel-windows-x86_64 0.0.2 53.00 133.00 186.00 OK
r-patched-linux-x86_64 0.0.2 8.36 76.51 84.87 OK
r-release-linux-x86_64 0.0.2 8.44 76.67 85.11 OK
r-release-macos-arm64 0.0.2 39.00 OK
r-release-macos-x86_64 0.0.2 58.00 ERROR
r-release-windows-x86_64 0.0.2 55.00 128.00 183.00 OK
r-oldrel-macos-arm64 0.0.2 522.00 OK
r-oldrel-macos-x86_64 0.0.2 60.00 WARN
r-oldrel-windows-ix86+x86_64 0.0.2 20.00 100.00 120.00 OK

Additional issues

M1mac

Check Details

Version: 0.0.2
Check: re-building of vignette outputs
Result: ERROR
    Error(s) in re-building vignettes:
     ...
    --- re-building ‘oceanexplorer.Rmd’ using rmarkdown
    Quitting from lines 133-134 (oceanexplorer.Rmd)
    Error: processing vignette 'oceanexplorer.Rmd' failed with diagnostics:
    crs not found: is it missing?
    --- failed re-building ‘oceanexplorer.Rmd’
    
    SUMMARY: processing the following file failed:
     ‘oceanexplorer.Rmd’
    
    Error: Vignette re-building failed.
    Execution halted
Flavor: r-release-macos-x86_64

Version: 0.0.2
Check: re-building of vignette outputs
Result: WARN
    Error(s) in re-building vignettes:
     ...
    --- re-building ‘oceanexplorer.Rmd’ using rmarkdown
    Quitting from lines 133-134 (oceanexplorer.Rmd)
    Error: processing vignette 'oceanexplorer.Rmd' failed with diagnostics:
    crs not found: is it missing?
    --- failed re-building ‘oceanexplorer.Rmd’
    
    SUMMARY: processing the following file failed:
     ‘oceanexplorer.Rmd’
    
    Error: Vignette re-building failed.
    Execution halted
Flavor: r-oldrel-macos-x86_64