Last updated on 2021-03-06 03:54:48 CET.
Flavor | Version | Tinstall | Tcheck | Ttotal | Status | Flags |
---|---|---|---|---|---|---|
r-devel-linux-x86_64-debian-clang | 0.4.0 | 11.36 | 60.18 | 71.54 | OK | |
r-devel-linux-x86_64-debian-gcc | 0.4.0 | 10.39 | 47.13 | 57.52 | OK | |
r-devel-linux-x86_64-fedora-clang | 0.4.0 | 98.64 | NOTE | |||
r-devel-linux-x86_64-fedora-gcc | 0.4.0 | 90.62 | NOTE | |||
r-devel-windows-ix86+x86_64 | 0.4.0 | 19.00 | 93.00 | 112.00 | OK | |
r-patched-linux-x86_64 | 0.4.0 | OK | ||||
r-patched-solaris-x86 | 0.4.0 | 143.40 | NOTE | |||
r-release-linux-x86_64 | 0.4.0 | 11.54 | 58.45 | 69.99 | OK | |
r-release-macos-x86_64 | 0.4.0 | NOTE | ||||
r-release-windows-ix86+x86_64 | 0.4.0 | 16.00 | 63.00 | 79.00 | OK | |
r-oldrel-macos-x86_64 | 0.4.0 | NOTE | ||||
r-oldrel-windows-ix86+x86_64 | 0.4.0 | 20.00 | 59.00 | 79.00 | OK |
Version: 0.4.0
Check: data for non-ASCII characters
Result: NOTE
Note: found 6409 marked UTF-8 strings
Flavors: r-devel-linux-x86_64-fedora-clang, r-devel-linux-x86_64-fedora-gcc, r-patched-solaris-x86, r-release-macos-x86_64, r-oldrel-macos-x86_64