CRAN Package Check Results for Package nvctr

Last updated on 2021-11-28 15:48:48 CET.

Flavor Version Tinstall Tcheck Ttotal Status Flags
r-devel-linux-x86_64-debian-clang 0.1.4 NOTE
r-devel-linux-x86_64-debian-gcc 0.1.4 2.13 23.95 26.08 NOTE
r-devel-linux-x86_64-fedora-clang 0.1.4 50.32 NOTE
r-devel-linux-x86_64-fedora-gcc 0.1.4 39.56 NOTE
r-devel-windows-x86_64-new-UL 0.1.4 11.00 79.00 90.00 NOTE
r-devel-windows-x86_64-new-TK 0.1.4 NOTE
r-devel-windows-x86_64-old 0.1.4 4.00 56.00 60.00 NOTE
r-patched-linux-x86_64 0.1.4 2.68 28.37 31.05 NOTE
r-patched-solaris-x86 0.1.4 57.30 NOTE
r-release-linux-x86_64 0.1.4 2.49 28.18 30.67 NOTE
r-release-macos-arm64 0.1.4 NOTE
r-release-macos-x86_64 0.1.4 NOTE
r-release-windows-ix86+x86_64 0.1.4 6.00 37.00 43.00 NOTE
r-oldrel-macos-x86_64 0.1.4 OK
r-oldrel-windows-ix86+x86_64 0.1.4 5.00 51.00 56.00 OK

Check Details

Version: 0.1.4
Check: LazyData
Result: NOTE
     'LazyData' is specified without a 'data' directory
Flavors: r-devel-linux-x86_64-debian-clang, r-devel-linux-x86_64-debian-gcc, r-devel-linux-x86_64-fedora-clang, r-devel-linux-x86_64-fedora-gcc, r-devel-windows-x86_64-new-UL, r-devel-windows-x86_64-new-TK, r-devel-windows-x86_64-old, r-patched-linux-x86_64, r-patched-solaris-x86, r-release-linux-x86_64, r-release-macos-arm64, r-release-macos-x86_64, r-release-windows-ix86+x86_64