CRAN Package Check Results for Package nvctr

Last updated on 2021-05-07 11:49:36 CEST.

Flavor Version Tinstall Tcheck Ttotal Status Flags
r-devel-linux-x86_64-debian-clang 0.1.4 2.74 30.34 33.08 NOTE
r-devel-linux-x86_64-debian-gcc 0.1.4 2.03 23.91 25.94 NOTE
r-devel-linux-x86_64-fedora-clang 0.1.4 50.72 NOTE
r-devel-linux-x86_64-fedora-gcc 0.1.4 39.90 NOTE
r-devel-windows-ix86+x86_64 0.1.4 5.00 55.00 60.00 NOTE
r-devel-windows-x86_64-gcc10-UCRT 0.1.4 NOTE
r-patched-linux-x86_64 0.1.4 3.14 29.49 32.63 NOTE
r-patched-solaris-x86 0.1.4 61.20 OK
r-release-linux-x86_64 0.1.4 2.39 29.16 31.55 OK
r-release-macos-x86_64 0.1.4 OK
r-release-windows-ix86+x86_64 0.1.4 4.00 40.00 44.00 OK
r-oldrel-macos-x86_64 0.1.4 OK
r-oldrel-windows-ix86+x86_64 0.1.4 5.00 51.00 56.00 OK

Check Details

Version: 0.1.4
Check: LazyData
Result: NOTE
     'LazyData' is specified without a 'data' directory
Flavors: r-devel-linux-x86_64-debian-clang, r-devel-linux-x86_64-debian-gcc, r-devel-linux-x86_64-fedora-clang, r-devel-linux-x86_64-fedora-gcc, r-devel-windows-ix86+x86_64, r-devel-windows-x86_64-gcc10-UCRT, r-patched-linux-x86_64