CRAN Package Check Results for Package numform

Last updated on 2021-06-16 19:49:53 CEST.

Flavor Version Tinstall Tcheck Ttotal Status Flags
r-devel-linux-x86_64-debian-clang 0.6.4 5.18 37.90 43.08 NOTE
r-devel-linux-x86_64-debian-gcc 0.6.4 3.67 29.36 33.03 NOTE
r-devel-linux-x86_64-fedora-clang 0.6.4 60.52 NOTE
r-devel-linux-x86_64-fedora-gcc 0.6.4 50.01 NOTE
r-devel-windows-x86_64 0.6.4 9.00 57.00 66.00 NOTE
r-devel-windows-x86_64-gcc10-UCRT 0.6.4 NOTE
r-patched-linux-x86_64 0.6.4 4.63 36.62 41.25 NOTE
r-patched-solaris-x86 0.6.4 68.40 NOTE
r-release-linux-x86_64 0.6.4 4.54 36.95 41.49 NOTE
r-release-macos-arm64 0.6.4 NOTE
r-release-macos-x86_64 0.6.4 NOTE
r-release-windows-ix86+x86_64 0.6.4 9.00 55.00 64.00 NOTE
r-oldrel-macos-x86_64 0.6.4 OK
r-oldrel-windows-ix86+x86_64 0.6.4 9.00 53.00 62.00 OK

Check Details

Version: 0.6.4
Check: LazyData
Result: NOTE
     'LazyData' is specified without a 'data' directory
Flavors: r-devel-linux-x86_64-debian-clang, r-devel-linux-x86_64-debian-gcc, r-devel-linux-x86_64-fedora-clang, r-devel-linux-x86_64-fedora-gcc, r-devel-windows-x86_64, r-devel-windows-x86_64-gcc10-UCRT, r-patched-linux-x86_64, r-patched-solaris-x86, r-release-linux-x86_64, r-release-macos-arm64, r-release-macos-x86_64, r-release-windows-ix86+x86_64