CRAN Package Check Results for Package nproc

Last updated on 2022-05-20 07:49:25 CEST.

Flavor Version Tinstall Tcheck Ttotal Status Flags
r-devel-linux-x86_64-debian-clang 2.1.5 8.71 137.87 146.58 NOTE
r-devel-linux-x86_64-debian-gcc 2.1.5 7.91 95.53 103.44 NOTE
r-devel-linux-x86_64-fedora-clang 2.1.5 179.48 NOTE
r-devel-linux-x86_64-fedora-gcc 2.1.5 174.65 NOTE
r-devel-windows-x86_64 2.1.5 15.00 157.00 172.00 NOTE
r-patched-linux-x86_64 2.1.5 8.78 136.05 144.83 NOTE
r-release-linux-x86_64 2.1.5 8.92 136.27 145.19 NOTE
r-release-macos-arm64 2.1.5 48.00 NOTE
r-release-macos-x86_64 2.1.5 65.00 NOTE
r-release-windows-x86_64 2.1.5 17.00 166.00 183.00 NOTE
r-oldrel-macos-arm64 2.1.5 52.00 NOTE
r-oldrel-macos-x86_64 2.1.5 79.00 NOTE
r-oldrel-windows-ix86+x86_64 2.1.5 21.00 173.00 194.00 NOTE

Check Details

Version: 2.1.5
Check: LazyData
Result: NOTE
     'LazyData' is specified without a 'data' directory
Flavors: r-devel-linux-x86_64-debian-clang, r-devel-linux-x86_64-debian-gcc, r-devel-linux-x86_64-fedora-clang, r-devel-linux-x86_64-fedora-gcc, r-devel-windows-x86_64, r-patched-linux-x86_64, r-release-linux-x86_64, r-release-macos-arm64, r-release-macos-x86_64, r-release-windows-x86_64, r-oldrel-macos-arm64, r-oldrel-macos-x86_64, r-oldrel-windows-ix86+x86_64