CRAN Package Check Results for Package nprcgenekeepr

Last updated on 2021-02-28 19:48:06 CET.

Flavor Version Tinstall Tcheck Ttotal Status Flags
r-devel-linux-x86_64-debian-clang 1.0.3 OK
r-devel-linux-x86_64-debian-gcc 1.0.3 12.37 147.93 160.30 OK
r-devel-linux-x86_64-fedora-clang 1.0.3 257.37 NOTE
r-devel-linux-x86_64-fedora-gcc 1.0.3 269.32 NOTE
r-devel-windows-ix86+x86_64 1.0.3 28.00 193.00 221.00 OK
r-patched-linux-x86_64 1.0.3 15.32 189.00 204.32 OK
r-patched-solaris-x86 1.0.3 376.00 NOTE
r-release-linux-x86_64 1.0.3 15.14 187.01 202.15 OK
r-release-macos-x86_64 1.0.3 NOTE
r-release-windows-ix86+x86_64 1.0.3 35.00 262.00 297.00 OK
r-oldrel-macos-x86_64 1.0.3 NOTE
r-oldrel-windows-ix86+x86_64 1.0.3 21.00 214.00 235.00 OK

Check Details

Version: 1.0.3
Check: dependencies in R code
Result: NOTE
    Namespace in Imports field not imported from: ‘shinyBS’
     All declared Imports should be used.
Flavors: r-devel-linux-x86_64-fedora-clang, r-devel-linux-x86_64-fedora-gcc, r-patched-solaris-x86, r-release-macos-x86_64, r-oldrel-macos-x86_64