Last updated on 2021-02-24 19:48:13 CET.
Flavor | Version | Tinstall | Tcheck | Ttotal | Status | Flags |
---|---|---|---|---|---|---|
r-devel-linux-x86_64-debian-clang | 0.46-5 | 5.73 | 56.54 | 62.27 | OK | |
r-devel-linux-x86_64-debian-gcc | 0.46-5 | 4.36 | 42.99 | 47.35 | OK | |
r-devel-linux-x86_64-fedora-clang | 0.46-5 | 82.25 | OK | |||
r-devel-linux-x86_64-fedora-gcc | 0.46-5 | 74.18 | OK | |||
r-devel-windows-ix86+x86_64 | 0.46-5 | 8.00 | 59.00 | 67.00 | OK | |
r-patched-linux-x86_64 | 0.46-5 | 5.86 | 53.20 | 59.06 | OK | |
r-patched-solaris-x86 | 0.46-5 | 98.30 | OK | |||
r-release-linux-x86_64 | 0.46-5 | 5.72 | 53.89 | 59.61 | OK | |
r-release-macos-x86_64 | 0.46-5 | OK | ||||
r-release-windows-ix86+x86_64 | 0.46-5 | 19.00 | 0.00 | 19.00 | ERROR | |
r-oldrel-macos-x86_64 | 0.46-5 | OK | ||||
r-oldrel-windows-ix86+x86_64 | 0.46-5 | 6.00 | 72.00 | 78.00 | OK |
Version: 0.46-5
Check: whether package can be installed
Result: ERROR
Installation failed.
Flavor: r-release-windows-ix86+x86_64