Last updated on 2021-02-24 19:48:13 CET.
Flavor | Version | Tinstall | Tcheck | Ttotal | Status | Flags |
---|---|---|---|---|---|---|
r-devel-linux-x86_64-debian-clang | 0.1-5 | 6.27 | 42.54 | 48.81 | OK | |
r-devel-linux-x86_64-debian-gcc | 0.1-5 | 5.01 | 32.17 | 37.18 | OK | |
r-devel-linux-x86_64-fedora-clang | 0.1-5 | 68.98 | OK | |||
r-devel-linux-x86_64-fedora-gcc | 0.1-5 | 62.52 | OK | |||
r-devel-windows-ix86+x86_64 | 0.1-5 | 15.00 | 67.00 | 82.00 | OK | |
r-patched-linux-x86_64 | 0.1-5 | 6.11 | 42.11 | 48.22 | OK | |
r-patched-solaris-x86 | 0.1-5 | 85.50 | OK | |||
r-release-linux-x86_64 | 0.1-5 | 6.04 | 42.10 | 48.14 | OK | |
r-release-macos-x86_64 | 0.1-5 | OK | ||||
r-release-windows-ix86+x86_64 | 0.1-5 | 29.00 | 11.00 | 40.00 | ERROR | |
r-oldrel-macos-x86_64 | 0.1-5 | OK | ||||
r-oldrel-windows-ix86+x86_64 | 0.1-5 | 13.00 | 84.00 | 97.00 | OK |
Version: 0.1-5
Check: whether package can be installed
Result: ERROR
Installation failed.
Flavor: r-release-windows-ix86+x86_64