Last updated on 2021-02-28 19:48:06 CET.
Flavor | Version | Tinstall | Tcheck | Ttotal | Status | Flags |
---|---|---|---|---|---|---|
r-devel-linux-x86_64-debian-clang | 1.0.3 | OK | ||||
r-devel-linux-x86_64-debian-gcc | 1.0.3 | 4.28 | 138.50 | 142.78 | OK | |
r-devel-linux-x86_64-fedora-clang | 1.0.3 | 226.25 | OK | |||
r-devel-linux-x86_64-fedora-gcc | 1.0.3 | 225.10 | OK | |||
r-devel-windows-ix86+x86_64 | 1.0.3 | 7.00 | 157.00 | 164.00 | OK | |
r-patched-linux-x86_64 | 1.0.3 | 6.08 | 183.53 | 189.61 | OK | |
r-patched-solaris-x86 | 1.0.3 | 302.10 | NOTE | |||
r-release-linux-x86_64 | 1.0.3 | 5.86 | 178.20 | 184.06 | OK | |
r-release-macos-x86_64 | 1.0.3 | NOTE | ||||
r-release-windows-ix86+x86_64 | 1.0.3 | 10.00 | 224.00 | 234.00 | OK | |
r-oldrel-macos-x86_64 | 1.0.3 | OK | ||||
r-oldrel-windows-ix86+x86_64 | 1.0.3 | 6.00 | 230.00 | 236.00 | OK |
Version: 1.0.3
Check: package dependencies
Result: NOTE
Package suggested but not available for checking: ‘gifski’
Flavor: r-patched-solaris-x86
Version: 1.0.3
Check: package dependencies
Result: NOTE
Packages suggested but not available for checking: 'treeio', 'ggtree'
Flavor: r-release-macos-x86_64
Version: 1.0.3
Check: Rd cross-references
Result: NOTE
Package unavailable to check Rd xrefs: ‘treeio’
Flavor: r-release-macos-x86_64