Last updated on 2021-03-01 07:48:36 CET.
Flavor | Version | Tinstall | Tcheck | Ttotal | Status | Flags |
---|---|---|---|---|---|---|
r-devel-linux-x86_64-debian-clang | 0.4.0 | OK | ||||
r-devel-linux-x86_64-debian-gcc | 0.4.0 | 12.70 | 180.71 | 193.41 | OK | |
r-devel-linux-x86_64-fedora-clang | 0.4.0 | 298.46 | NOTE | |||
r-devel-linux-x86_64-fedora-gcc | 0.4.0 | 292.75 | NOTE | |||
r-devel-windows-ix86+x86_64 | 0.4.0 | 28.00 | 228.00 | 256.00 | OK | |
r-patched-linux-x86_64 | 0.4.0 | 14.23 | 230.47 | 244.70 | OK | |
r-patched-solaris-x86 | 0.4.0 | 489.40 | NOTE | |||
r-release-linux-x86_64 | 0.4.0 | 14.29 | 228.25 | 242.54 | OK | |
r-release-macos-x86_64 | 0.4.0 | NOTE | ||||
r-release-windows-ix86+x86_64 | 0.4.0 | 40.00 | 292.00 | 332.00 | OK | |
r-oldrel-macos-x86_64 | 0.4.0 | NOTE | ||||
r-oldrel-windows-ix86+x86_64 | 0.4.0 | 21.00 | 269.00 | 290.00 | OK |
Version: 0.4.0
Check: dependencies in R code
Result: NOTE
Namespaces in Imports field not imported from:
‘dplyr’ ‘e1071’ ‘pROC’ ‘purrr’ ‘randomForest’ ‘rlang’
All declared Imports should be used.
Flavors: r-devel-linux-x86_64-fedora-clang, r-devel-linux-x86_64-fedora-gcc, r-patched-solaris-x86, r-release-macos-x86_64, r-oldrel-macos-x86_64