CRAN Package Check Results for Package noaastormevents

Last updated on 2021-06-21 11:52:12 CEST.

Flavor Version Tinstall Tcheck Ttotal Status Flags
r-devel-linux-x86_64-debian-clang 0.2.0 6.41 61.20 67.61 NOTE
r-devel-linux-x86_64-debian-gcc 0.2.0 5.44 45.36 50.80 NOTE
r-devel-linux-x86_64-fedora-clang 0.2.0 90.12 NOTE
r-devel-linux-x86_64-fedora-gcc 0.2.0 78.12 NOTE
r-devel-windows-x86_64 0.2.0 12.00 108.00 120.00 NOTE
r-devel-windows-x86_64-gcc10-UCRT 0.2.0 ERROR
r-patched-linux-x86_64 0.2.0 7.26 57.28 64.54 NOTE
r-patched-solaris-x86 0.2.0 115.40 NOTE
r-release-linux-x86_64 0.2.0 6.76 58.29 65.05 NOTE
r-release-macos-arm64 0.2.0 NOTE
r-release-macos-x86_64 0.2.0 NOTE
r-release-windows-ix86+x86_64 0.2.0 16.00 80.00 96.00 NOTE
r-oldrel-macos-x86_64 0.2.0 NOTE

Check Details

Version: 0.2.0
Check: package dependencies
Result: NOTE
    Package suggested but not available for checking: 'hurricaneexposuredata'
Flavors: r-devel-linux-x86_64-debian-clang, r-devel-linux-x86_64-debian-gcc, r-devel-linux-x86_64-fedora-clang, r-devel-linux-x86_64-fedora-gcc, r-devel-windows-x86_64, r-patched-linux-x86_64, r-patched-solaris-x86, r-release-linux-x86_64, r-release-macos-arm64, r-release-macos-x86_64, r-release-windows-ix86+x86_64, r-oldrel-macos-x86_64

Version: 0.2.0
Check: LazyData
Result: NOTE
     'LazyData' is specified without a 'data' directory
Flavors: r-devel-linux-x86_64-debian-clang, r-devel-linux-x86_64-debian-gcc, r-devel-linux-x86_64-fedora-clang, r-devel-linux-x86_64-fedora-gcc, r-devel-windows-x86_64, r-patched-linux-x86_64, r-patched-solaris-x86, r-release-linux-x86_64, r-release-macos-arm64, r-release-macos-x86_64, r-release-windows-ix86+x86_64

Version: 0.2.0
Check: dependencies in R code
Result: NOTE
    Namespaces in Imports field not imported from:
     ‘RColorBrewer’ ‘choroplethr’ ‘choroplethrMaps’ ‘data.table’ ‘forcats’
     ‘hurricaneexposure’ ‘plyr’
     All declared Imports should be used.
Flavors: r-devel-linux-x86_64-fedora-clang, r-devel-linux-x86_64-fedora-gcc, r-patched-solaris-x86, r-release-macos-arm64, r-release-macos-x86_64, r-oldrel-macos-x86_64

Version: 0.2.0
Check: package dependencies
Result: ERROR
    Packages required but not available: 'choroplethr', 'hurricaneexposure'
    
    Package suggested but not available for checking: 'hurricaneexposuredata'
    
    See section 'The DESCRIPTION file' in the 'Writing R Extensions'
    manual.
Flavor: r-devel-windows-x86_64-gcc10-UCRT