CRAN Package Check Results for Package nnt

Last updated on 2021-07-25 23:55:24 CEST.

Flavor Version Tinstall Tcheck Ttotal Status Flags
r-devel-linux-x86_64-debian-clang 0.1.4 7.30 62.33 69.63 NOTE
r-devel-linux-x86_64-debian-gcc 0.1.4 6.28 47.96 54.24 NOTE
r-devel-linux-x86_64-fedora-clang 0.1.4 91.30 NOTE
r-devel-windows-x86_64 0.1.4 11.00 65.00 76.00 NOTE
r-devel-windows-x86_64-gcc10-UCRT 0.1.4 NOTE
r-patched-linux-x86_64 0.1.4 7.14 58.99 66.13 NOTE
r-patched-solaris-x86 0.1.4 122.50 NOTE
r-release-linux-x86_64 0.1.4 7.56 59.03 66.59 NOTE
r-release-macos-arm64 0.1.4 NOTE
r-release-macos-x86_64 0.1.4 NOTE
r-release-windows-ix86+x86_64 0.1.4 16.00 62.00 78.00 NOTE
r-oldrel-macos-x86_64 0.1.4 OK
r-oldrel-windows-ix86+x86_64 0.1.4 13.00 79.00 92.00 OK

Check Details

Version: 0.1.4
Check: LazyData
Result: NOTE
     'LazyData' is specified without a 'data' directory
Flavors: r-devel-linux-x86_64-debian-clang, r-devel-linux-x86_64-debian-gcc, r-devel-linux-x86_64-fedora-clang, r-devel-windows-x86_64, r-devel-windows-x86_64-gcc10-UCRT, r-patched-linux-x86_64, r-patched-solaris-x86, r-release-linux-x86_64, r-release-macos-arm64, r-release-macos-x86_64, r-release-windows-ix86+x86_64