CRAN Package Check Results for Package nlist

Last updated on 2021-06-24 07:50:19 CEST.

Flavor Version Tinstall Tcheck Ttotal Status Flags
r-devel-linux-x86_64-debian-clang 0.3.1 5.01 50.99 56.00 NOTE
r-devel-linux-x86_64-debian-gcc 0.3.1 3.76 38.88 42.64 NOTE
r-devel-linux-x86_64-fedora-clang 0.3.1 74.83 NOTE
r-devel-linux-x86_64-fedora-gcc 0.3.1 65.08 NOTE
r-devel-windows-x86_64 0.3.1 7.00 94.00 101.00 NOTE
r-devel-windows-x86_64-gcc10-UCRT 0.3.1 NOTE
r-patched-linux-x86_64 0.3.1 5.87 48.43 54.30 NOTE
r-patched-solaris-x86 0.3.1 92.90 NOTE
r-release-linux-x86_64 0.3.1 4.07 48.31 52.38 NOTE
r-release-macos-arm64 0.3.1 NOTE
r-release-macos-x86_64 0.3.1 NOTE
r-release-windows-ix86+x86_64 0.3.1 7.00 55.00 62.00 NOTE
r-oldrel-macos-x86_64 0.3.1 OK

Check Details

Version: 0.3.1
Check: LazyData
Result: NOTE
     'LazyData' is specified without a 'data' directory
Flavors: r-devel-linux-x86_64-debian-clang, r-devel-linux-x86_64-debian-gcc, r-devel-linux-x86_64-fedora-clang, r-devel-linux-x86_64-fedora-gcc, r-devel-windows-x86_64, r-devel-windows-x86_64-gcc10-UCRT, r-patched-linux-x86_64, r-patched-solaris-x86, r-release-linux-x86_64, r-release-macos-arm64, r-release-macos-x86_64, r-release-windows-ix86+x86_64

Version: 0.3.1
Check: package dependencies
Result: NOTE
    Package suggested but not available for checking: 'covr'
Flavor: r-devel-windows-x86_64-gcc10-UCRT