CRAN Package Check Results for Package nhanesA

Last updated on 2024-06-13 00:55:24 CEST.

Flavor Version Tinstall Tcheck Ttotal Status Flags
r-devel-linux-x86_64-debian-clang 1.1 6.34 71.40 77.74 OK
r-devel-linux-x86_64-debian-gcc 1.1 0.28 1.83 2.11 ERROR
r-devel-linux-x86_64-fedora-clang 1.1 100.27 OK
r-devel-linux-x86_64-fedora-gcc 1.1 111.62 OK
r-devel-windows-x86_64 1.1 7.00 97.00 104.00 OK
r-patched-linux-x86_64 1.1 7.29 67.82 75.11 OK
r-release-linux-x86_64 1.1 6.12 68.61 74.73 OK
r-release-macos-arm64 1.1 86.00 OK
r-release-macos-x86_64 1.1 88.00 OK
r-release-windows-x86_64 1.1 6.00 93.00 99.00 OK
r-oldrel-macos-arm64 1.1 74.00 OK
r-oldrel-macos-x86_64 1.1 111.00 OK
r-oldrel-windows-x86_64 1.1 8.00 103.00 111.00 OK

Check Details

Version: 1.1
Check: package dependencies
Result: ERROR Packages required but not available: 'stringr', 'rvest' Packages suggested but not available for checking: 'odbc', 'ggplot2' See section ‘The DESCRIPTION file’ in the ‘Writing R Extensions’ manual. Flavor: r-devel-linux-x86_64-debian-gcc