CRAN Package Check Results for Package ngramrr

Last updated on 2021-06-17 15:49:14 CEST.

Flavor Version Tinstall Tcheck Ttotal Status Flags
r-devel-linux-x86_64-debian-clang 0.2.0 2.36 30.86 33.22 NOTE
r-devel-linux-x86_64-debian-gcc 0.2.0 1.82 24.54 26.36 NOTE
r-devel-linux-x86_64-fedora-clang 0.2.0 49.79 NOTE
r-devel-linux-x86_64-fedora-gcc 0.2.0 39.11 NOTE
r-devel-windows-x86_64 0.2.0 5.00 39.00 44.00 NOTE
r-devel-windows-x86_64-gcc10-UCRT 0.2.0 NOTE
r-patched-linux-x86_64 0.2.0 2.55 29.89 32.44 NOTE
r-patched-solaris-x86 0.2.0 63.60 NOTE
r-release-linux-x86_64 0.2.0 2.53 30.07 32.60 NOTE
r-release-macos-arm64 0.2.0 NOTE
r-release-macos-x86_64 0.2.0 NOTE
r-release-windows-ix86+x86_64 0.2.0 7.00 53.00 60.00 NOTE
r-oldrel-macos-x86_64 0.2.0 OK
r-oldrel-windows-ix86+x86_64 0.2.0 6.00 50.00 56.00 OK

Check Details

Version: 0.2.0
Check: LazyData
Result: NOTE
     'LazyData' is specified without a 'data' directory
Flavors: r-devel-linux-x86_64-debian-clang, r-devel-linux-x86_64-debian-gcc, r-devel-linux-x86_64-fedora-clang, r-devel-linux-x86_64-fedora-gcc, r-devel-windows-x86_64, r-devel-windows-x86_64-gcc10-UCRT, r-patched-linux-x86_64, r-patched-solaris-x86, r-release-linux-x86_64, r-release-macos-arm64, r-release-macos-x86_64, r-release-windows-ix86+x86_64