CRAN Package Check Results for Package ngramr

Last updated on 2021-02-25 19:46:40 CET.

Flavor Version Tinstall Tcheck Ttotal Status Flags
r-devel-linux-x86_64-debian-clang 1.7.2 5.16 52.47 57.63 OK
r-devel-linux-x86_64-debian-gcc 1.7.2 4.27 39.21 43.48 OK
r-devel-linux-x86_64-fedora-clang 1.7.2 76.38 NOTE
r-devel-linux-x86_64-fedora-gcc 1.7.2 70.52 NOTE
r-devel-windows-ix86+x86_64 1.7.2 10.00 58.00 68.00 OK
r-patched-linux-x86_64 1.7.2 4.40 49.05 53.45 OK
r-patched-solaris-x86 1.7.2 102.20 NOTE
r-release-linux-x86_64 1.7.2 5.58 49.06 54.64 OK
r-release-macos-x86_64 1.7.2 NOTE
r-release-windows-ix86+x86_64 1.7.2 15.00 80.00 95.00 OK
r-oldrel-macos-x86_64 1.7.2 NOTE
r-oldrel-windows-ix86+x86_64 1.7.2 8.00 75.00 83.00 OK

Check Details

Version: 1.7.2
Check: dependencies in R code
Result: NOTE
    Namespace in Imports field not imported from: ‘lifecycle’
     All declared Imports should be used.
Flavors: r-devel-linux-x86_64-fedora-clang, r-devel-linux-x86_64-fedora-gcc, r-patched-solaris-x86, r-release-macos-x86_64, r-oldrel-macos-x86_64