CRAN Package Check Results for Package nflseedR

Last updated on 2021-09-22 07:51:28 CEST.

Flavor Version Tinstall Tcheck Ttotal Status Flags
r-devel-linux-x86_64-debian-clang 1.0.2 7.60 93.27 100.87 OK
r-devel-linux-x86_64-debian-gcc 1.0.2 4.98 68.81 73.79 OK
r-devel-linux-x86_64-fedora-clang 1.0.2 120.77 OK
r-devel-linux-x86_64-fedora-gcc 1.0.2 110.73 OK
r-devel-windows-x86_64 1.0.2 9.00 92.00 101.00 OK
r-devel-windows-x86_64-gcc10-UCRT 1.0.2 ERROR
r-patched-linux-x86_64 1.0.2 7.09 87.31 94.40 OK
r-patched-solaris-x86 1.0.2 153.30 OK
r-release-linux-x86_64 1.0.2 5.88 88.81 94.69 OK
r-release-macos-arm64 1.0.2 OK
r-release-macos-x86_64 1.0.2 OK
r-release-windows-ix86+x86_64 1.0.2 15.00 91.00 106.00 OK
r-oldrel-macos-x86_64 1.0.2 OK
r-oldrel-windows-ix86+x86_64 1.0.2 11.00 90.00 101.00 OK

Check Details

Version: 1.0.2
Check: package dependencies
Result: NOTE
    Package suggested but not available for checking: 'tidyverse'
Flavor: r-devel-windows-x86_64-gcc10-UCRT

Version: 1.0.2
Check: PDF version of manual
Result: WARN
    LaTeX errors when creating PDF version.
    This typically indicates Rd problems.
Flavor: r-devel-windows-x86_64-gcc10-UCRT

Version: 1.0.2
Check: PDF version of manual without hyperrefs or index
Result: ERROR
    Re-running with no redirection of stdout/stderr.
Flavor: r-devel-windows-x86_64-gcc10-UCRT